
{"id":24943,"date":"2020-04-27T15:43:45","date_gmt":"2020-04-27T15:43:45","guid":{"rendered":"http:\/\/colegioarquitectos.com\/?page_id=24943"},"modified":"2023-10-06T09:46:53","modified_gmt":"2023-10-06T13:46:53","slug":"comite-de-arquitectura-para-la-salud","status":"publish","type":"page","link":"https:\/\/colegioarquitectos.com\/noticias\/?page_id=24943","title":{"rendered":"COMIT\u00c9 DE ARQUITECTURAS PARA LA SALUD"},"content":{"rendered":"<h4>DESCRIPCI\u00d3N \u00d3RGANO ASESOR<\/h4>\n<hr \/>\n<p>El nuevo Comit\u00e9 de Arquitecturas para la Salud del Colegio de Arquitectos de Chile surge de un grupo de WhatsApp de trabajo llamado \u201cCabildo Arquitectura Hospitalaria\u201d, creado el 15 de noviembre de 2019, en donde se abordan de manera horizontal y directa varias l\u00edneas de trabajo social.<\/p>\n<p>Hoy, la sostenibilidad, la salud y el bienestar, comienzan a ser un buen negocio y nos atrevemos a sentir que existe un florecimiento natural y humano.<\/p>\n<p>En CAPLAS existe ese florecimiento natural y humano, que incluso podr\u00eda impulsar la ambici\u00f3n de recuperar un territorio hacia una ciudad saludable, como tantas veces lo hemos hecho, siglo tras siglo, en nuestra historia.<\/p>\n<p>&nbsp;<\/p>\n<h4>OBJETIVOS<\/h4>\n<hr \/>\n<h5>OBJETIVO GENERAL<\/h5>\n<p>Como conjunto de arquitectos con diversas especialidades en el \u00e1rea de la salud, nuestro objetivo es poner la mirada y nuestros actos en el fortalecimiento de la Salud P\u00fablica, valorando la prevenci\u00f3n por sobre la cura y desde ese principio entender la arquitectura como una importante herramienta de prevenci\u00f3n. Es decir, recuperar un territorio hacia una ciudad saludable.<\/p>\n<p>&nbsp;<\/p>\n<h5>OBJETIVOS ESPEC\u00cdFICOS<\/h5>\n<ul>\n<li>Aportar y crear nuevas ideas formuladas en proyectos a corto, mediano y largo plazo, desde lo inmediato en la Pandemia, hasta los lineamientos y trazados de nuestra nueva Constituci\u00f3n, enfoc\u00e1ndonos en un objetivo mayor que nos compromete con el dise\u00f1o, pensamiento \u00e9tico y desarrollo de una ciudad saludable producto de una sociedad equitativa.<\/li>\n<li>Las orientaciones de CAPLAS ir\u00e1n a estrechar el m\u00e1ximo las brechas de inequidad existentes en nuestro pa\u00eds, ya que entendemos que son los indicadores principales del desequilibrio estructural que sufre nuestra sociedad, al alero de un \u201cmodelo de bienestar\u201d que debemos reformular.<\/li>\n<li>Un ser humano debe ser una parte que compone un todo integral llamado Medio Ambiente, consolidando una relaci\u00f3n consciente con cada recurso natural. Para esto, nuestro comit\u00e9 estar\u00e1 disponible y utilizar\u00e1 todas las herramientas creadas para desarrollar una relaci\u00f3n en armon\u00eda y sustentabilidad con la naturaleza.<\/li>\n<li>Desde la arquitectura levantaremos los criterios necesarios para que la calidad en educaci\u00f3n y salud no dependan del origen social. Estimularemos una arquitectura para la salud que influya en nuestros h\u00e1bitos f\u00edsicos y alimenticios, desde el habitar nuestros espacios p\u00fablicos, como tambi\u00e9n el de nuestras viviendas, sus muebles y artefactos. Estaremos presentes en cada espacio que nos ayude a cultivar una vida saludable.<\/li>\n<\/ul>\n<p>&nbsp;<\/p>\n<h4>MESA DIRECTIVA VIGENTE<\/h4>\n<hr \/>\n<p><strong>Presidenta<\/strong><\/p>\n<p>Paula Rojas Gonz\u00e1lez<\/p>\n<p>&nbsp;<\/p>\n<p><strong>Vicepresidente<\/strong><\/p>\n<p>Cristian \u00c1lvarez Manivet<\/p>\n<p>&nbsp;<\/p>\n<p><strong>Secretaria<\/strong><\/p>\n<p>Alejandra Foradori Peralta<\/p>\n<p>&nbsp;<\/p>\n<p><\/p>","protected":false},"excerpt":{"rendered":"<p>DESCRIPCI\u00d3N \u00d3RGANO ASESOR El nuevo Comit\u00e9 de Arquitecturas para la Salud del Colegio de Arquitectos de Chile surge de un grupo de WhatsApp de trabajo llamado \u201cCabildo Arquitectura Hospitalaria\u201d, creado el 15 de noviembre de 2019, en donde se abordan &hellip; <a class=\"more-link\" href=\"https:\/\/colegioarquitectos.com\/noticias\/?page_id=24943\">ver m\u00e1s<\/a><\/p>","protected":false},"author":4,"featured_media":0,"parent":0,"menu_order":0,"comment_status":"closed","ping_status":"closed","template":"pages\/fullwidth.php","meta":{"footnotes":""},"class_list":["post-24943","page","type-page","status-publish","hentry"],"yoast_head":"<!-- This site is optimized with the Yoast SEO plugin v24.2 - https:\/\/yoast.com\/wordpress\/plugins\/seo\/ -->\n<title>COMIT\u00c9 DE ARQUITECTURAS PARA LA SALUD - COLEGIO DE ARQUITECTOS DE CHILE<\/title>\n<meta name=\"robots\" content=\"index, follow, max-snippet:-1, max-image-preview:large, max-video-preview:-1\" \/>\n<link rel=\"canonical\" href=\"https:\/\/colegioarquitectos.com\/noticias\/?page_id=24943\" \/>\n<meta property=\"og:locale\" content=\"es_ES\" \/>\n<meta property=\"og:type\" content=\"article\" \/>\n<meta property=\"og:title\" content=\"COMIT\u00c9 DE ARQUITECTURAS PARA LA SALUD - COLEGIO DE ARQUITECTOS DE CHILE\" \/>\n<meta property=\"og:description\" content=\"DESCRIPCI\u00d3N \u00d3RGANO ASESOR El nuevo Comit\u00e9 de Arquitecturas para la Salud del Colegio de Arquitectos de Chile surge de un grupo de WhatsApp de trabajo llamado \u201cCabildo Arquitectura Hospitalaria\u201d, creado el 15 de noviembre de 2019, en donde se abordan &hellip; ver m\u00e1s\" \/>\n<meta property=\"og:url\" content=\"https:\/\/colegioarquitectos.com\/noticias\/?page_id=24943\" \/>\n<meta property=\"og:site_name\" content=\"COLEGIO DE ARQUITECTOS DE CHILE\" \/>\n<meta property=\"article:publisher\" content=\"https:\/\/facebook.com\/Colegioarq\/\" \/>\n<meta property=\"article:modified_time\" content=\"2023-10-06T13:46:53+00:00\" \/>\n<meta name=\"twitter:card\" content=\"summary_large_image\" \/>\n<meta name=\"twitter:site\" content=\"@colegioarq\" \/>\n<meta name=\"twitter:label1\" content=\"Tiempo de lectura\" \/>\n\t<meta name=\"twitter:data1\" content=\"2 minutos\" \/>\n<script type=\"application\/ld+json\" class=\"yoast-schema-graph\">{\"@context\":\"https:\/\/schema.org\",\"@graph\":[{\"@type\":\"WebPage\",\"@id\":\"https:\/\/colegioarquitectos.com\/noticias\/?page_id=24943\",\"url\":\"https:\/\/colegioarquitectos.com\/noticias\/?page_id=24943\",\"name\":\"COMIT\u00c9 DE ARQUITECTURAS PARA LA SALUD - COLEGIO DE ARQUITECTOS DE CHILE\",\"isPartOf\":{\"@id\":\"https:\/\/colegioarquitectos.com\/noticias\/#website\"},\"datePublished\":\"2020-04-27T15:43:45+00:00\",\"dateModified\":\"2023-10-06T13:46:53+00:00\",\"breadcrumb\":{\"@id\":\"https:\/\/colegioarquitectos.com\/noticias\/?page_id=24943#breadcrumb\"},\"inLanguage\":\"es\",\"potentialAction\":[{\"@type\":\"ReadAction\",\"target\":[\"https:\/\/colegioarquitectos.com\/noticias\/?page_id=24943\"]}]},{\"@type\":\"BreadcrumbList\",\"@id\":\"https:\/\/colegioarquitectos.com\/noticias\/?page_id=24943#breadcrumb\",\"itemListElement\":[{\"@type\":\"ListItem\",\"position\":1,\"name\":\"Portada\",\"item\":\"https:\/\/colegioarquitectos.com\/noticias\"},{\"@type\":\"ListItem\",\"position\":2,\"name\":\"COMIT\u00c9 DE ARQUITECTURAS PARA LA SALUD\"}]},{\"@type\":\"WebSite\",\"@id\":\"https:\/\/colegioarquitectos.com\/noticias\/#website\",\"url\":\"https:\/\/colegioarquitectos.com\/noticias\/\",\"name\":\"COLEGIO DE ARQUITECTOS DE CHILE\",\"description\":\"\",\"publisher\":{\"@id\":\"https:\/\/colegioarquitectos.com\/noticias\/#organization\"},\"potentialAction\":[{\"@type\":\"SearchAction\",\"target\":{\"@type\":\"EntryPoint\",\"urlTemplate\":\"https:\/\/colegioarquitectos.com\/noticias\/?s={search_term_string}\"},\"query-input\":{\"@type\":\"PropertyValueSpecification\",\"valueRequired\":true,\"valueName\":\"search_term_string\"}}],\"inLanguage\":\"es\"},{\"@type\":\"Organization\",\"@id\":\"https:\/\/colegioarquitectos.com\/noticias\/#organization\",\"name\":\"COLEGIO DE ARQUITECTOS DE CHILE\",\"url\":\"https:\/\/colegioarquitectos.com\/noticias\/\",\"logo\":{\"@type\":\"ImageObject\",\"inLanguage\":\"es\",\"@id\":\"https:\/\/colegioarquitectos.com\/noticias\/#\/schema\/logo\/image\/\",\"url\":\"https:\/\/colegioarquitectos.com\/noticias\/wp-content\/uploads\/2021\/05\/ENCABEZADO-LOGO-CA.jpg\",\"contentUrl\":\"https:\/\/colegioarquitectos.com\/noticias\/wp-content\/uploads\/2021\/05\/ENCABEZADO-LOGO-CA.jpg\",\"width\":690,\"height\":350,\"caption\":\"COLEGIO DE ARQUITECTOS DE CHILE\"},\"image\":{\"@id\":\"https:\/\/colegioarquitectos.com\/noticias\/#\/schema\/logo\/image\/\"},\"sameAs\":[\"https:\/\/facebook.com\/Colegioarq\/\",\"https:\/\/x.com\/colegioarq\",\"https:\/\/instagram.com\/colegioarq\",\"https:\/\/youtube.com\/@ColegiodeArquitectosdeChile\"]}]}<\/script>\n<!-- \/ Yoast SEO plugin. -->","yoast_head_json":{"title":"COMIT\u00c9 DE ARQUITECTURAS PARA LA SALUD - COLEGIO DE ARQUITECTOS DE CHILE","robots":{"index":"index","follow":"follow","max-snippet":"max-snippet:-1","max-image-preview":"max-image-preview:large","max-video-preview":"max-video-preview:-1"},"canonical":"https:\/\/colegioarquitectos.com\/noticias\/?page_id=24943","og_locale":"es_ES","og_type":"article","og_title":"COMIT\u00c9 DE ARQUITECTURAS PARA LA SALUD - COLEGIO DE ARQUITECTOS DE CHILE","og_description":"DESCRIPCI\u00d3N \u00d3RGANO ASESOR El nuevo Comit\u00e9 de Arquitecturas para la Salud del Colegio de Arquitectos de Chile surge de un grupo de WhatsApp de trabajo llamado \u201cCabildo Arquitectura Hospitalaria\u201d, creado el 15 de noviembre de 2019, en donde se abordan &hellip; ver m\u00e1s","og_url":"https:\/\/colegioarquitectos.com\/noticias\/?page_id=24943","og_site_name":"COLEGIO DE ARQUITECTOS DE CHILE","article_publisher":"https:\/\/facebook.com\/Colegioarq\/","article_modified_time":"2023-10-06T13:46:53+00:00","twitter_card":"summary_large_image","twitter_site":"@colegioarq","twitter_misc":{"Tiempo de lectura":"2 minutos"},"schema":{"@context":"https:\/\/schema.org","@graph":[{"@type":"WebPage","@id":"https:\/\/colegioarquitectos.com\/noticias\/?page_id=24943","url":"https:\/\/colegioarquitectos.com\/noticias\/?page_id=24943","name":"COMIT\u00c9 DE ARQUITECTURAS PARA LA SALUD - COLEGIO DE ARQUITECTOS DE CHILE","isPartOf":{"@id":"https:\/\/colegioarquitectos.com\/noticias\/#website"},"datePublished":"2020-04-27T15:43:45+00:00","dateModified":"2023-10-06T13:46:53+00:00","breadcrumb":{"@id":"https:\/\/colegioarquitectos.com\/noticias\/?page_id=24943#breadcrumb"},"inLanguage":"es","potentialAction":[{"@type":"ReadAction","target":["https:\/\/colegioarquitectos.com\/noticias\/?page_id=24943"]}]},{"@type":"BreadcrumbList","@id":"https:\/\/colegioarquitectos.com\/noticias\/?page_id=24943#breadcrumb","itemListElement":[{"@type":"ListItem","position":1,"name":"Portada","item":"https:\/\/colegioarquitectos.com\/noticias"},{"@type":"ListItem","position":2,"name":"COMIT\u00c9 DE ARQUITECTURAS PARA LA SALUD"}]},{"@type":"WebSite","@id":"https:\/\/colegioarquitectos.com\/noticias\/#website","url":"https:\/\/colegioarquitectos.com\/noticias\/","name":"COLEGIO DE ARQUITECTOS DE CHILE","description":"","publisher":{"@id":"https:\/\/colegioarquitectos.com\/noticias\/#organization"},"potentialAction":[{"@type":"SearchAction","target":{"@type":"EntryPoint","urlTemplate":"https:\/\/colegioarquitectos.com\/noticias\/?s={search_term_string}"},"query-input":{"@type":"PropertyValueSpecification","valueRequired":true,"valueName":"search_term_string"}}],"inLanguage":"es"},{"@type":"Organization","@id":"https:\/\/colegioarquitectos.com\/noticias\/#organization","name":"COLEGIO DE ARQUITECTOS DE CHILE","url":"https:\/\/colegioarquitectos.com\/noticias\/","logo":{"@type":"ImageObject","inLanguage":"es","@id":"https:\/\/colegioarquitectos.com\/noticias\/#\/schema\/logo\/image\/","url":"https:\/\/colegioarquitectos.com\/noticias\/wp-content\/uploads\/2021\/05\/ENCABEZADO-LOGO-CA.jpg","contentUrl":"https:\/\/colegioarquitectos.com\/noticias\/wp-content\/uploads\/2021\/05\/ENCABEZADO-LOGO-CA.jpg","width":690,"height":350,"caption":"COLEGIO DE ARQUITECTOS DE CHILE"},"image":{"@id":"https:\/\/colegioarquitectos.com\/noticias\/#\/schema\/logo\/image\/"},"sameAs":["https:\/\/facebook.com\/Colegioarq\/","https:\/\/x.com\/colegioarq","https:\/\/instagram.com\/colegioarq","https:\/\/youtube.com\/@ColegiodeArquitectosdeChile"]}]}},"_links":{"self":[{"href":"https:\/\/colegioarquitectos.com\/noticias\/index.php?rest_route=\/wp\/v2\/pages\/24943","targetHints":{"allow":["GET"]}}],"collection":[{"href":"https:\/\/colegioarquitectos.com\/noticias\/index.php?rest_route=\/wp\/v2\/pages"}],"about":[{"href":"https:\/\/colegioarquitectos.com\/noticias\/index.php?rest_route=\/wp\/v2\/types\/page"}],"author":[{"embeddable":true,"href":"https:\/\/colegioarquitectos.com\/noticias\/index.php?rest_route=\/wp\/v2\/users\/4"}],"replies":[{"embeddable":true,"href":"https:\/\/colegioarquitectos.com\/noticias\/index.php?rest_route=%2Fwp%2Fv2%2Fcomments&post=24943"}],"version-history":[{"count":0,"href":"https:\/\/colegioarquitectos.com\/noticias\/index.php?rest_route=\/wp\/v2\/pages\/24943\/revisions"}],"wp:attachment":[{"href":"https:\/\/colegioarquitectos.com\/noticias\/index.php?rest_route=%2Fwp%2Fv2%2Fmedia&parent=24943"}],"curies":[{"name":"wp","href":"https:\/\/api.w.org\/{rel}","templated":true}]}}