
{"id":27420,"date":"2021-07-12T17:43:48","date_gmt":"2021-07-12T17:43:48","guid":{"rendered":"https:\/\/colegioarquitectos.com\/?page_id=27420"},"modified":"2025-04-24T13:09:22","modified_gmt":"2025-04-24T17:09:22","slug":"protocolo-uso-infraestructura-digital-colegio-de-arquitectos-de-chile-a-g","status":"publish","type":"page","link":"https:\/\/colegioarquitectos.com\/noticias\/?page_id=27420","title":{"rendered":"Uso de Infraestructura &#8211; Colegio de Arquitectos de Chile (Digital y presencial)"},"content":{"rendered":"<h4><strong><img loading=\"lazy\" decoding=\"async\" class=\"alignnone size-full wp-image-33571\" src=\"https:\/\/colegioarquitectos.com\/noticias\/wp-content\/uploads\/2025\/04\/canales.png\" alt=\"\" width=\"1280\" height=\"720\" srcset=\"https:\/\/colegioarquitectos.com\/noticias\/wp-content\/uploads\/2025\/04\/canales.png 1280w, https:\/\/colegioarquitectos.com\/noticias\/wp-content\/uploads\/2025\/04\/canales-300x169.png 300w, https:\/\/colegioarquitectos.com\/noticias\/wp-content\/uploads\/2025\/04\/canales-1024x576.png 1024w, https:\/\/colegioarquitectos.com\/noticias\/wp-content\/uploads\/2025\/04\/canales-768x432.png 768w\" sizes=\"auto, (max-width: 1280px) 100vw, 1280px\" \/><\/strong><\/h4>\n<h4><\/h4>\n<h4><strong>1.- Presentaci\u00f3n<\/strong><\/h4>\n<hr \/>\n<p><strong>En el contexto de la creciente demanda por el uso de la infraestructura con la que cuenta el Colegio de Arquitectos de Chile A.G. (CA), se ha decidido formular y elaborar el presente Protocolo a fin de organizar de manera \u00f3ptima la utilizaci\u00f3n de las herramientas puestas a disposici\u00f3n de todos los \u00f3rganos del CA,<\/strong> reconocidos en el Art. N\u00b010 de los Estatutos Vigentes.<\/p>\n<p>Cabe mencionar que las reuniones online recurrentes de los \u00f3rganos del Colegio (Delegaciones Zonales y Comit\u00e9s) deben ser programadas por el mismo \u00f3rgano a trav\u00e9s de sus respectivas cuentas institucionales en la plataforma ZOHO MEET . En tal caso, la reuni\u00f3n debe ser administrada por cada uno de ellos y agendada en el calendario colaborativo de actividades de los \u00f3rganos del Colegio de Arquitectos de Chile.<strong>\u00a0<\/strong><\/p>\n<p>&nbsp;<\/p>\n<h4><strong>2.- Objetivo<\/strong><\/h4>\n<hr \/>\n<p>Regular y normalizar el uso de la infraestructura con la que cuenta el Colegio de Arquitectos de Chile A.G. para que sus \u00f3rganos asociados puedan desarrollar sus encuentros formales y oficiales.<\/p>\n<p>&nbsp;<\/p>\n<h4><strong>3.- Alcance<\/strong><\/h4>\n<hr \/>\n<p>El presente Protocolo regula el uso de toda plataforma, aplicaci\u00f3n o estructura digital y uso de la Sede Nacional que se encuentre disponible, a disposici\u00f3n y sea factible de ser utilizada por el Colegio de Arquitectos.<\/p>\n<p>En tal sentido, el uso de la infraestructura comprende las alternativas de utilizaci\u00f3n regular -correspondientes a encuentros ordinarios y peri\u00f3dicos- y empleo eventual -correspondiente a eventos extraordinarios-, todos los cuales deben ser planificados y organizados de acuerdo a lo se\u00f1alado en este instrumento.<\/p>\n<p>&nbsp;<\/p>\n<h4><strong>3.- Gesti\u00f3n y uso de infraestructura\u00a0<\/strong><\/h4>\n<hr \/>\n<p>Los colegiados y \u00f3rganos asesores del CA podr\u00e1n requerir hacer uso de la infraestructura de la Sede Nacional y\u00a0 digital disponible a trav\u00e9s de una <strong>solicitud por correo electr\u00f3nico<\/strong> dirigida a la Mesa Directiva a trav\u00e9s del correo <strong><a href=\"mailto:coordinador@colegioarquitectos.com\">coordinador@colegioarquitectos.com<\/a><\/strong>.<\/p>\n<p>&nbsp;<\/p>\n<p><strong><em>Informaci\u00f3n requerida para las solicitudes:<\/em><\/strong><\/p>\n<ul>\n<li><strong>Nombre de \u00f3rgano requirente<\/strong><\/li>\n<li><strong>Nombre e ICA activo de representante de solicitud<\/strong><\/li>\n<li><strong>Nombre de la actividad<\/strong><\/li>\n<li><strong>Breve descripci\u00f3n de la actividad<\/strong><\/li>\n<li><strong>Tipolog\u00eda del evento (detallado m\u00e1s adelante)<\/strong><\/li>\n<li><strong>Fecha<\/strong><\/li>\n<li><strong>Bloque horario propuesto<\/strong><\/li>\n<\/ul>\n<p>&nbsp;<\/p>\n<p>Las solicitudes de uso de infraestructura tanto digital como presencial, deber\u00e1n ser solicitadas por colegiadas y colegiados con su colegiatura activa al momento de la solicitud.<\/p>\n<p>Todas las solicitudes deben ser enviadas con un m\u00ednimo de 10 d\u00edas h\u00e1biles de anticipaci\u00f3n y ser\u00e1n respondidas, como m\u00e1ximo, dentro de los 3 d\u00edas h\u00e1biles siguientes. Recibidas las solicitudes, ser\u00e1n revisadas, analizadas y valoradas por la Mesa Directiva, quien coordinar\u00e1 con la Administraci\u00f3n la calendarizaci\u00f3n de los encuentros.<\/p>\n<p>Es importante mencionar que ante una eventual superposici\u00f3n de encuentros, primar\u00e1 la instancia propuesta por el \u00f3rgano jer\u00e1rquicamente superior, en abierta consideraci\u00f3n del listado ordenado indicado en el Art. N\u00b010 de los Estatutos. Ello a menos que las partes involucradas convengan lo contrario, en virtud del valor de los asuntos a tratar en las citas.<\/p>\n<p>&nbsp;<\/p>\n<h4><strong>1.- Uso de espacios de la Sede Nacional<\/strong><\/h4>\n<h4>1.1\u00a0 Eventos de \u00f3rganos asesores en espacios de la Sede Nacional<\/h4>\n<hr \/>\n<p>El uso de la Sede Nacional esta regido por los horarios de funcionamiento de la misma:<\/p>\n<p>Lunes a jueves de 9:30 a 18:00 horas\u00a0 Viernes de 9:30 a 17:00 horas<\/p>\n<p>Eventos con horario especial de funcionamiento, es requerida autorizaci\u00f3n de la Mesa Directiva y coordinaci\u00f3n con administraci\u00f3n del Colegio.<\/p>\n<p>&nbsp;<\/p>\n<p>Para el uso de Sede Nacional se han identificado 4 tipos de eventos. Estos son:<\/p>\n<ul>\n<li><strong>Reuni\u00f3n peque\u00f1a: hasta 6 participantes; (Sala 3 &#8211; piso 3)<\/strong><\/li>\n<li><strong>Reuni\u00f3n mediana: Hasta 12 personas\u00a0(Sala 2 &#8211; piso 3)<\/strong><\/li>\n<li><b>Reuni\u00f3n grande: Hasta 16 personas (Sala directorio &#8211; piso 2)<\/b><\/li>\n<li><strong>Evento mediano: Hasta 45 personas (Sala exposiciones piso 2)<\/strong><\/li>\n<li><strong>Evento grande: Hasta 80 personas (Hall central + terraza)<\/strong><\/li>\n<\/ul>\n<p>&nbsp;<\/p>\n<p>En cuanto a los bloques horarios, estos son:<\/p>\n<ul>\n<li><strong>Bloque 1 : de 9:00 a 11:00 horas<\/strong><\/li>\n<li><strong>Bloque 2: de 12:00 a 14:00 horas<\/strong><\/li>\n<li><strong>Bloque 3: de 15:00 a 18:00 horas<\/strong><\/li>\n<li><strong>Bloque 4: de 18:00 a 20:30 horas (sujeto a aprobaci\u00f3n de la Mesa Directiva)\u00a0<\/strong><\/li>\n<\/ul>\n<h4><\/h4>\n<h4><strong>Otros alcances<\/strong><\/h4>\n<ul>\n<li>Una vez aprobada la solicitud, se dispondr\u00e1 de mobiliario y evaluar\u00e1 el equipamiento audiovisual en relaci\u00f3n con el tipo de evento solicitado, previa coordinaci\u00f3n con la Administraci\u00f3n General<\/li>\n<li>Los eventos presenciales en los espacios de la sede nacional no cuentan con servicio de <em>streaming<\/em>, salvo que se apruebe el financiamiento por parte de la Mesa Directiva o de los solicitantes.<\/li>\n<li>Para los eventos presenciales, la Sede Nacional no cuenta con cocina ni equipamiento propio para realizar servicio de <em>catering<\/em> ni cafeter\u00eda. Es permitido contratar servicios externos para estos fines y puede ser coordinado con la Administraci\u00f3n.<\/li>\n<li>En el caso de los eventos de \u00f3rganos asesores que incorporen marcas auspiciadoras debe ser informada en la solicitud.<\/li>\n<li>Para realizaci\u00f3n de eventos en los espacios del colegio, con car\u00e1cter comercial o externos a los intereses de los \u00f3rganos asesores del colegio de arquitectos de chile; se dispone de una tarifa de arriendo disponible a trav\u00e9s del contacto de administraci\u00f3n del colegio.<\/li>\n<\/ul>\n<h4><\/h4>\n<h4>1.2 Sala de reuniones<\/h4>\n<hr \/>\n<p>Tambi\u00e9n se encuentra disponible la posibilidad de solicitar sala de reuniones para colegiadas y colegiados activos, dentro del horario de funcionamiento de la sede nacional. Para agendar una sala de reuniones debe escribir al correo: <strong><a href=\"mailto:secretaria@colegioarquitectos.com\">secretaria@colegioarquitectos.com<\/a><\/strong>. Indicando su ICA \/ fecha y horario para la solicitud. Las salas para reuniones de arquitectos tienen una capacidad de hasta 8 personas.<\/p>\n<p>&nbsp;<\/p>\n<h4><strong>2.- Uso plataformas y canales digital ( Encuentros transmitidos a trav\u00e9s del canal de YouTube del CA)\u00a0<\/strong><\/h4>\n<hr \/>\n<p>Con el prop\u00f3sito de precisar la plataforma, aplicaci\u00f3n o estructura digital \u00f3ptima a utilizar, se han identificado 4 tipos de eventos en la <strong>plataforma digital del CA.<\/strong>\u00a0Estos son:<\/p>\n<ul>\n<li><strong>Reuni\u00f3n: hasta 100 participantes;<\/strong><\/li>\n<li><strong>Evento peque\u00f1o: entre 101 y 250 participantes;<\/strong><\/li>\n<li><strong>Evento mediano: entre 251 y 500 participantes; y,<\/strong><\/li>\n<li><strong>Gran evento: desde los 501 hasta 2.000 participantes.<\/strong><\/li>\n<\/ul>\n<p>&nbsp;<\/p>\n<p>En cuanto a los bloques horarios, estos son:<\/p>\n<ul>\n<li><strong>Bloque 1 : de 9:00 a 11:00 horas<\/strong><\/li>\n<li><strong>Bloque 2: de 12:00 a 14:00 horas<\/strong><\/li>\n<li><strong>Bloque 3: de 15:00 a 17:00 horas<\/strong><\/li>\n<li><strong>Bloque 4: de 17:00 a 20:00 horas (sujeto a aprobaci\u00f3n de la Mesa Directiva)\u00a0<\/strong><\/li>\n<\/ul>\n<p>&nbsp;<\/p>\n<p>* D\u00eda viernes se considera solamente el bloque 1, 2 y 3<\/p>\n<p>** Para el bloque 3 se establece un m\u00e1ximo de 8 transmisiones mensuales<\/p>\n<p>&nbsp;<\/p>\n<p>La transmisi\u00f3n en vivo de actividades o reuniones realizadas en la plataforma zoom del Colegio estar\u00e1 reservada para aquellas que por su pertinencia, alcance y aporte a la discusi\u00f3n disciplinar y\/o de especialidad sean consideradas como del gremio todo, lo que ser\u00e1 evaluado en Estas pueden ser transmitidos en los canales oficiales de Colegio de Arquitectos de Chile.\u00a0 Las charlas y conversatorios en formato <em>streaming<\/em> ser\u00e1n grabados y pasar\u00e1n a formar parte del archivo digital del canal YouTube del colegio en <a href=\"https:\/\/www.youtube.com\/@ColegiodeArquitectosdeChile\">https:\/\/www.youtube.com\/@ColegiodeArquitectosdeChile<\/a><\/p>\n<h4><\/h4>\n<h4><strong>3.- Difusi\u00f3n\u00a0\u00a0<\/strong><\/h4>\n<hr \/>\n<p>La difusi\u00f3n de los encuentros ser\u00e1 realizada por el \u00e1rea de Comunicaciones y Prensa del CA, a trav\u00e9s de los medios oficiales con los que cuenta el Colegio, de acuerdo a lo indicado en el <a href=\"https:\/\/colegioarquitectos.com\/noticias\/wp-content\/uploads\/2021\/06\/Protocolo-de-publicaciones-Web-CA.pdf\" target=\"_blank\" rel=\"noopener\"><strong>Protocolo de publicaciones vigente<\/strong><\/a> (Protocolo aprobado el 12 Julio de 2021 por el Directorio Nacional).<\/p>\n<p>&nbsp;<\/p>\n<h4>Documento descargable<\/h4>\n<hr \/>\n<p><a href=\"https:\/\/colegioarquitectos.com\/noticias\/wp-content\/uploads\/2023\/03\/ProtocoloUsoSedeCA.pdf\" target=\"_blank\" rel=\"noopener\"><img decoding=\"async\" src=\"https:\/\/www.colegioarquitectos.com\/imgs\/descargas_linea_punto\/pdfcolor.jpg\" \/><\/a>\u00a0\u00a0<a href=\"https:\/\/colegioarquitectos.com\/noticias\/wp-content\/uploads\/2023\/03\/ProtocoloUsoSedeCA.pdf\" target=\"_blank\" rel=\"noopener\">PROTOCOLO USO INFRAESTRUCTURA DIGITAL COLEGIO DE ARQUITECTOS DE CHILE A.G.<\/a><\/p>\n<p><a href=\"https:\/\/colegioarquitectos.com\/noticias\/wp-content\/uploads\/2021\/06\/Protocolo-de-publicaciones-Web-CA.pdf\" target=\"_blank\" rel=\"noopener\"><img decoding=\"async\" src=\"https:\/\/www.colegioarquitectos.com\/imgs\/descargas_linea_punto\/pdfcolor.jpg\" \/><\/a>\u00a0<a href=\"https:\/\/colegioarquitectos.com\/noticias\/wp-content\/uploads\/2021\/06\/Protocolo-de-publicaciones-Web-CA.pdf\" target=\"_blank\" rel=\"noopener\">PROTOCOLO PUBLICACIONES SITIO WEB www.colegioarquitectos.com<\/a><\/p>\n<p>&nbsp;<\/p>\n<hr \/>\n<p>Cualquier duda o consulta escr\u00edbenos a <a href=\"mailto:coordinador@colegioarquitectos.com\">coordinador@colegioarquitectos.com<\/a><\/p>\n<p>&nbsp;<\/p>\n<p><strong>COLEGIO DE ARQUITECTOS DE CHILE A.G.<\/strong><\/p>\n<p>&nbsp;<\/p>\n<p><\/p>","protected":false},"excerpt":{"rendered":"<p>1.- Presentaci\u00f3n En el contexto de la creciente demanda por el uso de la infraestructura con la que cuenta el Colegio de Arquitectos de Chile A.G. (CA), se ha decidido formular y elaborar el presente Protocolo a fin de organizar &hellip; <a class=\"more-link\" href=\"https:\/\/colegioarquitectos.com\/noticias\/?page_id=27420\">ver m\u00e1s<\/a><\/p>","protected":false},"author":1,"featured_media":33571,"parent":0,"menu_order":0,"comment_status":"closed","ping_status":"closed","template":"pages\/fullwidth.php","meta":{"footnotes":""},"class_list":["post-27420","page","type-page","status-publish","has-post-thumbnail","hentry"],"yoast_head":"<!-- This site is optimized with the Yoast SEO plugin v24.2 - https:\/\/yoast.com\/wordpress\/plugins\/seo\/ -->\n<title>Uso de Infraestructura - Colegio de Arquitectos de Chile (Digital y presencial) - COLEGIO DE ARQUITECTOS DE CHILE<\/title>\n<meta name=\"robots\" content=\"index, follow, max-snippet:-1, max-image-preview:large, max-video-preview:-1\" \/>\n<link rel=\"canonical\" href=\"https:\/\/colegioarquitectos.com\/noticias\/?page_id=27420\" \/>\n<meta property=\"og:locale\" content=\"es_ES\" \/>\n<meta property=\"og:type\" content=\"article\" \/>\n<meta property=\"og:title\" content=\"Uso de Infraestructura - Colegio de Arquitectos de Chile (Digital y presencial) - COLEGIO DE ARQUITECTOS DE CHILE\" \/>\n<meta property=\"og:description\" content=\"1.- Presentaci\u00f3n En el contexto de la creciente demanda por el uso de la infraestructura con la que cuenta el Colegio de Arquitectos de Chile A.G. (CA), se ha decidido formular y elaborar el presente Protocolo a fin de organizar &hellip; ver m\u00e1s\" \/>\n<meta property=\"og:url\" content=\"https:\/\/colegioarquitectos.com\/noticias\/?page_id=27420\" \/>\n<meta property=\"og:site_name\" content=\"COLEGIO DE ARQUITECTOS DE CHILE\" \/>\n<meta property=\"article:publisher\" content=\"https:\/\/facebook.com\/Colegioarq\/\" \/>\n<meta property=\"article:modified_time\" content=\"2025-04-24T17:09:22+00:00\" \/>\n<meta property=\"og:image\" content=\"https:\/\/colegioarquitectos.com\/noticias\/wp-content\/uploads\/2025\/04\/canales.png\" \/>\n\t<meta property=\"og:image:width\" content=\"1280\" \/>\n\t<meta property=\"og:image:height\" content=\"720\" \/>\n\t<meta property=\"og:image:type\" content=\"image\/png\" \/>\n<meta name=\"twitter:card\" content=\"summary_large_image\" \/>\n<meta name=\"twitter:site\" content=\"@colegioarq\" \/>\n<meta name=\"twitter:label1\" content=\"Tiempo de lectura\" \/>\n\t<meta name=\"twitter:data1\" content=\"7 minutos\" \/>\n<script type=\"application\/ld+json\" class=\"yoast-schema-graph\">{\"@context\":\"https:\/\/schema.org\",\"@graph\":[{\"@type\":\"WebPage\",\"@id\":\"https:\/\/colegioarquitectos.com\/noticias\/?page_id=27420\",\"url\":\"https:\/\/colegioarquitectos.com\/noticias\/?page_id=27420\",\"name\":\"Uso de Infraestructura - Colegio de Arquitectos de Chile (Digital y presencial) - COLEGIO DE ARQUITECTOS DE CHILE\",\"isPartOf\":{\"@id\":\"https:\/\/colegioarquitectos.com\/noticias\/#website\"},\"primaryImageOfPage\":{\"@id\":\"https:\/\/colegioarquitectos.com\/noticias\/?page_id=27420#primaryimage\"},\"image\":{\"@id\":\"https:\/\/colegioarquitectos.com\/noticias\/?page_id=27420#primaryimage\"},\"thumbnailUrl\":\"https:\/\/colegioarquitectos.com\/noticias\/wp-content\/uploads\/2025\/04\/canales.png\",\"datePublished\":\"2021-07-12T17:43:48+00:00\",\"dateModified\":\"2025-04-24T17:09:22+00:00\",\"breadcrumb\":{\"@id\":\"https:\/\/colegioarquitectos.com\/noticias\/?page_id=27420#breadcrumb\"},\"inLanguage\":\"es\",\"potentialAction\":[{\"@type\":\"ReadAction\",\"target\":[\"https:\/\/colegioarquitectos.com\/noticias\/?page_id=27420\"]}]},{\"@type\":\"ImageObject\",\"inLanguage\":\"es\",\"@id\":\"https:\/\/colegioarquitectos.com\/noticias\/?page_id=27420#primaryimage\",\"url\":\"https:\/\/colegioarquitectos.com\/noticias\/wp-content\/uploads\/2025\/04\/canales.png\",\"contentUrl\":\"https:\/\/colegioarquitectos.com\/noticias\/wp-content\/uploads\/2025\/04\/canales.png\",\"width\":1280,\"height\":720},{\"@type\":\"BreadcrumbList\",\"@id\":\"https:\/\/colegioarquitectos.com\/noticias\/?page_id=27420#breadcrumb\",\"itemListElement\":[{\"@type\":\"ListItem\",\"position\":1,\"name\":\"Portada\",\"item\":\"https:\/\/colegioarquitectos.com\/noticias\"},{\"@type\":\"ListItem\",\"position\":2,\"name\":\"Uso de Infraestructura &#8211; Colegio de Arquitectos de Chile (Digital y presencial)\"}]},{\"@type\":\"WebSite\",\"@id\":\"https:\/\/colegioarquitectos.com\/noticias\/#website\",\"url\":\"https:\/\/colegioarquitectos.com\/noticias\/\",\"name\":\"COLEGIO DE ARQUITECTOS DE CHILE\",\"description\":\"\",\"publisher\":{\"@id\":\"https:\/\/colegioarquitectos.com\/noticias\/#organization\"},\"potentialAction\":[{\"@type\":\"SearchAction\",\"target\":{\"@type\":\"EntryPoint\",\"urlTemplate\":\"https:\/\/colegioarquitectos.com\/noticias\/?s={search_term_string}\"},\"query-input\":{\"@type\":\"PropertyValueSpecification\",\"valueRequired\":true,\"valueName\":\"search_term_string\"}}],\"inLanguage\":\"es\"},{\"@type\":\"Organization\",\"@id\":\"https:\/\/colegioarquitectos.com\/noticias\/#organization\",\"name\":\"COLEGIO DE ARQUITECTOS DE CHILE\",\"url\":\"https:\/\/colegioarquitectos.com\/noticias\/\",\"logo\":{\"@type\":\"ImageObject\",\"inLanguage\":\"es\",\"@id\":\"https:\/\/colegioarquitectos.com\/noticias\/#\/schema\/logo\/image\/\",\"url\":\"https:\/\/colegioarquitectos.com\/noticias\/wp-content\/uploads\/2021\/05\/ENCABEZADO-LOGO-CA.jpg\",\"contentUrl\":\"https:\/\/colegioarquitectos.com\/noticias\/wp-content\/uploads\/2021\/05\/ENCABEZADO-LOGO-CA.jpg\",\"width\":690,\"height\":350,\"caption\":\"COLEGIO DE ARQUITECTOS DE CHILE\"},\"image\":{\"@id\":\"https:\/\/colegioarquitectos.com\/noticias\/#\/schema\/logo\/image\/\"},\"sameAs\":[\"https:\/\/facebook.com\/Colegioarq\/\",\"https:\/\/x.com\/colegioarq\",\"https:\/\/instagram.com\/colegioarq\",\"https:\/\/youtube.com\/@ColegiodeArquitectosdeChile\"]}]}<\/script>\n<!-- \/ Yoast SEO plugin. -->","yoast_head_json":{"title":"Uso de Infraestructura - Colegio de Arquitectos de Chile (Digital y presencial) - COLEGIO DE ARQUITECTOS DE CHILE","robots":{"index":"index","follow":"follow","max-snippet":"max-snippet:-1","max-image-preview":"max-image-preview:large","max-video-preview":"max-video-preview:-1"},"canonical":"https:\/\/colegioarquitectos.com\/noticias\/?page_id=27420","og_locale":"es_ES","og_type":"article","og_title":"Uso de Infraestructura - Colegio de Arquitectos de Chile (Digital y presencial) - COLEGIO DE ARQUITECTOS DE CHILE","og_description":"1.- Presentaci\u00f3n En el contexto de la creciente demanda por el uso de la infraestructura con la que cuenta el Colegio de Arquitectos de Chile A.G. (CA), se ha decidido formular y elaborar el presente Protocolo a fin de organizar &hellip; ver m\u00e1s","og_url":"https:\/\/colegioarquitectos.com\/noticias\/?page_id=27420","og_site_name":"COLEGIO DE ARQUITECTOS DE CHILE","article_publisher":"https:\/\/facebook.com\/Colegioarq\/","article_modified_time":"2025-04-24T17:09:22+00:00","og_image":[{"width":1280,"height":720,"url":"https:\/\/colegioarquitectos.com\/noticias\/wp-content\/uploads\/2025\/04\/canales.png","type":"image\/png"}],"twitter_card":"summary_large_image","twitter_site":"@colegioarq","twitter_misc":{"Tiempo de lectura":"7 minutos"},"schema":{"@context":"https:\/\/schema.org","@graph":[{"@type":"WebPage","@id":"https:\/\/colegioarquitectos.com\/noticias\/?page_id=27420","url":"https:\/\/colegioarquitectos.com\/noticias\/?page_id=27420","name":"Uso de Infraestructura - Colegio de Arquitectos de Chile (Digital y presencial) - COLEGIO DE ARQUITECTOS DE CHILE","isPartOf":{"@id":"https:\/\/colegioarquitectos.com\/noticias\/#website"},"primaryImageOfPage":{"@id":"https:\/\/colegioarquitectos.com\/noticias\/?page_id=27420#primaryimage"},"image":{"@id":"https:\/\/colegioarquitectos.com\/noticias\/?page_id=27420#primaryimage"},"thumbnailUrl":"https:\/\/colegioarquitectos.com\/noticias\/wp-content\/uploads\/2025\/04\/canales.png","datePublished":"2021-07-12T17:43:48+00:00","dateModified":"2025-04-24T17:09:22+00:00","breadcrumb":{"@id":"https:\/\/colegioarquitectos.com\/noticias\/?page_id=27420#breadcrumb"},"inLanguage":"es","potentialAction":[{"@type":"ReadAction","target":["https:\/\/colegioarquitectos.com\/noticias\/?page_id=27420"]}]},{"@type":"ImageObject","inLanguage":"es","@id":"https:\/\/colegioarquitectos.com\/noticias\/?page_id=27420#primaryimage","url":"https:\/\/colegioarquitectos.com\/noticias\/wp-content\/uploads\/2025\/04\/canales.png","contentUrl":"https:\/\/colegioarquitectos.com\/noticias\/wp-content\/uploads\/2025\/04\/canales.png","width":1280,"height":720},{"@type":"BreadcrumbList","@id":"https:\/\/colegioarquitectos.com\/noticias\/?page_id=27420#breadcrumb","itemListElement":[{"@type":"ListItem","position":1,"name":"Portada","item":"https:\/\/colegioarquitectos.com\/noticias"},{"@type":"ListItem","position":2,"name":"Uso de Infraestructura &#8211; Colegio de Arquitectos de Chile (Digital y presencial)"}]},{"@type":"WebSite","@id":"https:\/\/colegioarquitectos.com\/noticias\/#website","url":"https:\/\/colegioarquitectos.com\/noticias\/","name":"COLEGIO DE ARQUITECTOS DE CHILE","description":"","publisher":{"@id":"https:\/\/colegioarquitectos.com\/noticias\/#organization"},"potentialAction":[{"@type":"SearchAction","target":{"@type":"EntryPoint","urlTemplate":"https:\/\/colegioarquitectos.com\/noticias\/?s={search_term_string}"},"query-input":{"@type":"PropertyValueSpecification","valueRequired":true,"valueName":"search_term_string"}}],"inLanguage":"es"},{"@type":"Organization","@id":"https:\/\/colegioarquitectos.com\/noticias\/#organization","name":"COLEGIO DE ARQUITECTOS DE CHILE","url":"https:\/\/colegioarquitectos.com\/noticias\/","logo":{"@type":"ImageObject","inLanguage":"es","@id":"https:\/\/colegioarquitectos.com\/noticias\/#\/schema\/logo\/image\/","url":"https:\/\/colegioarquitectos.com\/noticias\/wp-content\/uploads\/2021\/05\/ENCABEZADO-LOGO-CA.jpg","contentUrl":"https:\/\/colegioarquitectos.com\/noticias\/wp-content\/uploads\/2021\/05\/ENCABEZADO-LOGO-CA.jpg","width":690,"height":350,"caption":"COLEGIO DE ARQUITECTOS DE CHILE"},"image":{"@id":"https:\/\/colegioarquitectos.com\/noticias\/#\/schema\/logo\/image\/"},"sameAs":["https:\/\/facebook.com\/Colegioarq\/","https:\/\/x.com\/colegioarq","https:\/\/instagram.com\/colegioarq","https:\/\/youtube.com\/@ColegiodeArquitectosdeChile"]}]}},"_links":{"self":[{"href":"https:\/\/colegioarquitectos.com\/noticias\/index.php?rest_route=\/wp\/v2\/pages\/27420","targetHints":{"allow":["GET"]}}],"collection":[{"href":"https:\/\/colegioarquitectos.com\/noticias\/index.php?rest_route=\/wp\/v2\/pages"}],"about":[{"href":"https:\/\/colegioarquitectos.com\/noticias\/index.php?rest_route=\/wp\/v2\/types\/page"}],"author":[{"embeddable":true,"href":"https:\/\/colegioarquitectos.com\/noticias\/index.php?rest_route=\/wp\/v2\/users\/1"}],"replies":[{"embeddable":true,"href":"https:\/\/colegioarquitectos.com\/noticias\/index.php?rest_route=%2Fwp%2Fv2%2Fcomments&post=27420"}],"version-history":[{"count":8,"href":"https:\/\/colegioarquitectos.com\/noticias\/index.php?rest_route=\/wp\/v2\/pages\/27420\/revisions"}],"predecessor-version":[{"id":33580,"href":"https:\/\/colegioarquitectos.com\/noticias\/index.php?rest_route=\/wp\/v2\/pages\/27420\/revisions\/33580"}],"wp:featuredmedia":[{"embeddable":true,"href":"https:\/\/colegioarquitectos.com\/noticias\/index.php?rest_route=\/wp\/v2\/media\/33571"}],"wp:attachment":[{"href":"https:\/\/colegioarquitectos.com\/noticias\/index.php?rest_route=%2Fwp%2Fv2%2Fmedia&parent=27420"}],"curies":[{"name":"wp","href":"https:\/\/api.w.org\/{rel}","templated":true}]}}