
{"id":30226,"date":"2023-04-24T12:00:50","date_gmt":"2023-04-24T16:00:50","guid":{"rendered":"https:\/\/colegioarquitectos.com\/?page_id=30226"},"modified":"2023-04-24T12:00:50","modified_gmt":"2023-04-24T16:00:50","slug":"vitrales","status":"publish","type":"page","link":"https:\/\/colegioarquitectos.com\/noticias\/?page_id=30226","title":{"rendered":"Vitrales"},"content":{"rendered":"<p><img loading=\"lazy\" decoding=\"async\" class=\"aligncenter size-full wp-image-30228\" src=\"https:\/\/colegioarquitectos.com\/noticias\/wp-content\/uploads\/2023\/04\/VITRALES-ENCABEZADO.jpg\" alt=\"\" width=\"1280\" height=\"720\" srcset=\"https:\/\/colegioarquitectos.com\/noticias\/wp-content\/uploads\/2023\/04\/VITRALES-ENCABEZADO.jpg 1280w, https:\/\/colegioarquitectos.com\/noticias\/wp-content\/uploads\/2023\/04\/VITRALES-ENCABEZADO-300x169.jpg 300w, https:\/\/colegioarquitectos.com\/noticias\/wp-content\/uploads\/2023\/04\/VITRALES-ENCABEZADO-768x432.jpg 768w, https:\/\/colegioarquitectos.com\/noticias\/wp-content\/uploads\/2023\/04\/VITRALES-ENCABEZADO-1024x576.jpg 1024w\" sizes=\"auto, (max-width: 1280px) 100vw, 1280px\" \/><\/p>\n<p>&nbsp;<\/p>\n<p>La Sede Nacional del Colegio de Arquitectos posee un conjunto de 6 vitrales, ubicados en los dos halles principales de doble altura, en el segundo y tercer nivel del edificio, en sus alas oriente y poniente. Se destacan, tanto por su estado de conservaci\u00f3n (pr\u00e1cticamente completo) como por los temas que figuran en las vidrieras, en especial las del segundo piso, trabajadas con grisallas e ilustradas con especies de la flora local.<\/p>\n<p>Los vitrales de los dos halles principales, de tipo floral y de tipo geom\u00e9trico representan un bien de alto valor ornamental y otorgan al espacio interior del edificio calidad y riqueza ambiental, a trav\u00e9s de sus dise\u00f1os, su colorido e iluminaci\u00f3n natural y constituyen un interesante eslab\u00f3n dentro de la historia del vitral en Chile en espec\u00edfico por las t\u00e9cnicas utilizadas \u2014pintura al fuego\u2014 y las especies figuradas, caso inusual dentro de obras de similar cronolog\u00eda y estilo.<\/p>\n<p>&nbsp;<\/p>\n<div data-offset-key=\"p2n9-0-0\"><img loading=\"lazy\" decoding=\"async\" class=\"aligncenter size-full wp-image-25101\" src=\"http:\/\/colegioarquitectos.com\/noticias\/wp-content\/uploads\/2020\/05\/IMG_3206.jpg\" alt=\"\" width=\"600\" height=\"622\" srcset=\"https:\/\/colegioarquitectos.com\/noticias\/wp-content\/uploads\/2020\/05\/IMG_3206.jpg 600w, https:\/\/colegioarquitectos.com\/noticias\/wp-content\/uploads\/2020\/05\/IMG_3206-289x300.jpg 289w\" sizes=\"auto, (max-width: 600px) 100vw, 600px\" \/><\/div>\n<p>&nbsp;<\/p>\n<p>En esa direcci\u00f3n, en 2015 los vitrales fueron sometidos a un proceso de restauraci\u00f3n que buscaba mejorar el estado de conservaci\u00f3n de la obra \u2014que hab\u00eda sufrido perdida de piezas y paneles\u2014 y devolver una mejor lectura al conjunto. Al mismo tiempo, pretend\u00eda prolongar en mejores condiciones \u2014en el largo plazo\u2014 la vida de esta serie de vitrales.<\/p>\n<p>El programa de conservaci\u00f3n y restauraci\u00f3n de los vitrales integr\u00f3 como etapa fundamental la difusi\u00f3n de la obra, orientada a acercar esta t\u00e9cnica, su historia y su presencia en nuestro pa\u00eds, a la ciudadan\u00eda.<\/p>\n<p>Los vitrales de la Sede Nacional de Colegio de Arquitectos de Chile fueron los primeros vitrales de factura nacional en la arquitectura chilena y, en este caso, la posibilidad de una eventual transmisi\u00f3n entre t\u00e9cnicos europeos y locales.<\/p>\n<p>&nbsp;<\/p>\n<p><\/p>","protected":false},"excerpt":{"rendered":"<p>&nbsp; La Sede Nacional del Colegio de Arquitectos posee un conjunto de 6 vitrales, ubicados en los dos halles principales de doble altura, en el segundo y tercer nivel del edificio, en sus alas oriente y poniente. Se destacan, tanto &hellip; <a class=\"more-link\" href=\"https:\/\/colegioarquitectos.com\/noticias\/?page_id=30226\">ver m\u00e1s<\/a><\/p>","protected":false},"author":4,"featured_media":0,"parent":0,"menu_order":0,"comment_status":"closed","ping_status":"closed","template":"pages\/fullwidth.php","meta":{"footnotes":""},"class_list":["post-30226","page","type-page","status-publish","hentry"],"yoast_head":"<!-- This site is optimized with the Yoast SEO plugin v24.2 - https:\/\/yoast.com\/wordpress\/plugins\/seo\/ -->\n<title>Vitrales - COLEGIO DE ARQUITECTOS DE CHILE<\/title>\n<meta name=\"robots\" content=\"index, follow, max-snippet:-1, max-image-preview:large, max-video-preview:-1\" \/>\n<link rel=\"canonical\" href=\"https:\/\/colegioarquitectos.com\/noticias\/?page_id=30226\" \/>\n<meta property=\"og:locale\" content=\"es_ES\" \/>\n<meta property=\"og:type\" content=\"article\" \/>\n<meta property=\"og:title\" content=\"Vitrales - COLEGIO DE ARQUITECTOS DE CHILE\" \/>\n<meta property=\"og:description\" content=\"&nbsp; La Sede Nacional del Colegio de Arquitectos posee un conjunto de 6 vitrales, ubicados en los dos halles principales de doble altura, en el segundo y tercer nivel del edificio, en sus alas oriente y poniente. Se destacan, tanto &hellip; ver m\u00e1s\" \/>\n<meta property=\"og:url\" content=\"https:\/\/colegioarquitectos.com\/noticias\/?page_id=30226\" \/>\n<meta property=\"og:site_name\" content=\"COLEGIO DE ARQUITECTOS DE CHILE\" \/>\n<meta property=\"article:publisher\" content=\"https:\/\/facebook.com\/Colegioarq\/\" \/>\n<meta property=\"og:image\" content=\"https:\/\/colegioarquitectos.com\/noticias\/wp-content\/uploads\/2023\/04\/VITRALES-ENCABEZADO.jpg\" \/>\n<meta name=\"twitter:card\" content=\"summary_large_image\" \/>\n<meta name=\"twitter:site\" content=\"@colegioarq\" \/>\n<meta name=\"twitter:label1\" content=\"Tiempo de lectura\" \/>\n\t<meta name=\"twitter:data1\" content=\"2 minutos\" \/>\n<script type=\"application\/ld+json\" class=\"yoast-schema-graph\">{\"@context\":\"https:\/\/schema.org\",\"@graph\":[{\"@type\":\"WebPage\",\"@id\":\"https:\/\/colegioarquitectos.com\/noticias\/?page_id=30226\",\"url\":\"https:\/\/colegioarquitectos.com\/noticias\/?page_id=30226\",\"name\":\"Vitrales - COLEGIO DE ARQUITECTOS DE CHILE\",\"isPartOf\":{\"@id\":\"https:\/\/colegioarquitectos.com\/noticias\/#website\"},\"primaryImageOfPage\":{\"@id\":\"https:\/\/colegioarquitectos.com\/noticias\/?page_id=30226#primaryimage\"},\"image\":{\"@id\":\"https:\/\/colegioarquitectos.com\/noticias\/?page_id=30226#primaryimage\"},\"thumbnailUrl\":\"https:\/\/colegioarquitectos.com\/noticias\/wp-content\/uploads\/2023\/04\/VITRALES-ENCABEZADO.jpg\",\"datePublished\":\"2023-04-24T16:00:50+00:00\",\"dateModified\":\"2023-04-24T16:00:50+00:00\",\"breadcrumb\":{\"@id\":\"https:\/\/colegioarquitectos.com\/noticias\/?page_id=30226#breadcrumb\"},\"inLanguage\":\"es\",\"potentialAction\":[{\"@type\":\"ReadAction\",\"target\":[\"https:\/\/colegioarquitectos.com\/noticias\/?page_id=30226\"]}]},{\"@type\":\"ImageObject\",\"inLanguage\":\"es\",\"@id\":\"https:\/\/colegioarquitectos.com\/noticias\/?page_id=30226#primaryimage\",\"url\":\"https:\/\/colegioarquitectos.com\/noticias\/wp-content\/uploads\/2023\/04\/VITRALES-ENCABEZADO.jpg\",\"contentUrl\":\"https:\/\/colegioarquitectos.com\/noticias\/wp-content\/uploads\/2023\/04\/VITRALES-ENCABEZADO.jpg\",\"width\":1280,\"height\":720},{\"@type\":\"BreadcrumbList\",\"@id\":\"https:\/\/colegioarquitectos.com\/noticias\/?page_id=30226#breadcrumb\",\"itemListElement\":[{\"@type\":\"ListItem\",\"position\":1,\"name\":\"Portada\",\"item\":\"https:\/\/colegioarquitectos.com\/noticias\"},{\"@type\":\"ListItem\",\"position\":2,\"name\":\"Vitrales\"}]},{\"@type\":\"WebSite\",\"@id\":\"https:\/\/colegioarquitectos.com\/noticias\/#website\",\"url\":\"https:\/\/colegioarquitectos.com\/noticias\/\",\"name\":\"COLEGIO DE ARQUITECTOS DE CHILE\",\"description\":\"\",\"publisher\":{\"@id\":\"https:\/\/colegioarquitectos.com\/noticias\/#organization\"},\"potentialAction\":[{\"@type\":\"SearchAction\",\"target\":{\"@type\":\"EntryPoint\",\"urlTemplate\":\"https:\/\/colegioarquitectos.com\/noticias\/?s={search_term_string}\"},\"query-input\":{\"@type\":\"PropertyValueSpecification\",\"valueRequired\":true,\"valueName\":\"search_term_string\"}}],\"inLanguage\":\"es\"},{\"@type\":\"Organization\",\"@id\":\"https:\/\/colegioarquitectos.com\/noticias\/#organization\",\"name\":\"COLEGIO DE ARQUITECTOS DE CHILE\",\"url\":\"https:\/\/colegioarquitectos.com\/noticias\/\",\"logo\":{\"@type\":\"ImageObject\",\"inLanguage\":\"es\",\"@id\":\"https:\/\/colegioarquitectos.com\/noticias\/#\/schema\/logo\/image\/\",\"url\":\"https:\/\/colegioarquitectos.com\/noticias\/wp-content\/uploads\/2021\/05\/ENCABEZADO-LOGO-CA.jpg\",\"contentUrl\":\"https:\/\/colegioarquitectos.com\/noticias\/wp-content\/uploads\/2021\/05\/ENCABEZADO-LOGO-CA.jpg\",\"width\":690,\"height\":350,\"caption\":\"COLEGIO DE ARQUITECTOS DE CHILE\"},\"image\":{\"@id\":\"https:\/\/colegioarquitectos.com\/noticias\/#\/schema\/logo\/image\/\"},\"sameAs\":[\"https:\/\/facebook.com\/Colegioarq\/\",\"https:\/\/x.com\/colegioarq\",\"https:\/\/instagram.com\/colegioarq\",\"https:\/\/youtube.com\/@ColegiodeArquitectosdeChile\"]}]}<\/script>\n<!-- \/ Yoast SEO plugin. -->","yoast_head_json":{"title":"Vitrales - COLEGIO DE ARQUITECTOS DE CHILE","robots":{"index":"index","follow":"follow","max-snippet":"max-snippet:-1","max-image-preview":"max-image-preview:large","max-video-preview":"max-video-preview:-1"},"canonical":"https:\/\/colegioarquitectos.com\/noticias\/?page_id=30226","og_locale":"es_ES","og_type":"article","og_title":"Vitrales - COLEGIO DE ARQUITECTOS DE CHILE","og_description":"&nbsp; La Sede Nacional del Colegio de Arquitectos posee un conjunto de 6 vitrales, ubicados en los dos halles principales de doble altura, en el segundo y tercer nivel del edificio, en sus alas oriente y poniente. Se destacan, tanto &hellip; ver m\u00e1s","og_url":"https:\/\/colegioarquitectos.com\/noticias\/?page_id=30226","og_site_name":"COLEGIO DE ARQUITECTOS DE CHILE","article_publisher":"https:\/\/facebook.com\/Colegioarq\/","og_image":[{"url":"https:\/\/colegioarquitectos.com\/noticias\/wp-content\/uploads\/2023\/04\/VITRALES-ENCABEZADO.jpg","type":"","width":"","height":""}],"twitter_card":"summary_large_image","twitter_site":"@colegioarq","twitter_misc":{"Tiempo de lectura":"2 minutos"},"schema":{"@context":"https:\/\/schema.org","@graph":[{"@type":"WebPage","@id":"https:\/\/colegioarquitectos.com\/noticias\/?page_id=30226","url":"https:\/\/colegioarquitectos.com\/noticias\/?page_id=30226","name":"Vitrales - COLEGIO DE ARQUITECTOS DE CHILE","isPartOf":{"@id":"https:\/\/colegioarquitectos.com\/noticias\/#website"},"primaryImageOfPage":{"@id":"https:\/\/colegioarquitectos.com\/noticias\/?page_id=30226#primaryimage"},"image":{"@id":"https:\/\/colegioarquitectos.com\/noticias\/?page_id=30226#primaryimage"},"thumbnailUrl":"https:\/\/colegioarquitectos.com\/noticias\/wp-content\/uploads\/2023\/04\/VITRALES-ENCABEZADO.jpg","datePublished":"2023-04-24T16:00:50+00:00","dateModified":"2023-04-24T16:00:50+00:00","breadcrumb":{"@id":"https:\/\/colegioarquitectos.com\/noticias\/?page_id=30226#breadcrumb"},"inLanguage":"es","potentialAction":[{"@type":"ReadAction","target":["https:\/\/colegioarquitectos.com\/noticias\/?page_id=30226"]}]},{"@type":"ImageObject","inLanguage":"es","@id":"https:\/\/colegioarquitectos.com\/noticias\/?page_id=30226#primaryimage","url":"https:\/\/colegioarquitectos.com\/noticias\/wp-content\/uploads\/2023\/04\/VITRALES-ENCABEZADO.jpg","contentUrl":"https:\/\/colegioarquitectos.com\/noticias\/wp-content\/uploads\/2023\/04\/VITRALES-ENCABEZADO.jpg","width":1280,"height":720},{"@type":"BreadcrumbList","@id":"https:\/\/colegioarquitectos.com\/noticias\/?page_id=30226#breadcrumb","itemListElement":[{"@type":"ListItem","position":1,"name":"Portada","item":"https:\/\/colegioarquitectos.com\/noticias"},{"@type":"ListItem","position":2,"name":"Vitrales"}]},{"@type":"WebSite","@id":"https:\/\/colegioarquitectos.com\/noticias\/#website","url":"https:\/\/colegioarquitectos.com\/noticias\/","name":"COLEGIO DE ARQUITECTOS DE CHILE","description":"","publisher":{"@id":"https:\/\/colegioarquitectos.com\/noticias\/#organization"},"potentialAction":[{"@type":"SearchAction","target":{"@type":"EntryPoint","urlTemplate":"https:\/\/colegioarquitectos.com\/noticias\/?s={search_term_string}"},"query-input":{"@type":"PropertyValueSpecification","valueRequired":true,"valueName":"search_term_string"}}],"inLanguage":"es"},{"@type":"Organization","@id":"https:\/\/colegioarquitectos.com\/noticias\/#organization","name":"COLEGIO DE ARQUITECTOS DE CHILE","url":"https:\/\/colegioarquitectos.com\/noticias\/","logo":{"@type":"ImageObject","inLanguage":"es","@id":"https:\/\/colegioarquitectos.com\/noticias\/#\/schema\/logo\/image\/","url":"https:\/\/colegioarquitectos.com\/noticias\/wp-content\/uploads\/2021\/05\/ENCABEZADO-LOGO-CA.jpg","contentUrl":"https:\/\/colegioarquitectos.com\/noticias\/wp-content\/uploads\/2021\/05\/ENCABEZADO-LOGO-CA.jpg","width":690,"height":350,"caption":"COLEGIO DE ARQUITECTOS DE CHILE"},"image":{"@id":"https:\/\/colegioarquitectos.com\/noticias\/#\/schema\/logo\/image\/"},"sameAs":["https:\/\/facebook.com\/Colegioarq\/","https:\/\/x.com\/colegioarq","https:\/\/instagram.com\/colegioarq","https:\/\/youtube.com\/@ColegiodeArquitectosdeChile"]}]}},"_links":{"self":[{"href":"https:\/\/colegioarquitectos.com\/noticias\/index.php?rest_route=\/wp\/v2\/pages\/30226","targetHints":{"allow":["GET"]}}],"collection":[{"href":"https:\/\/colegioarquitectos.com\/noticias\/index.php?rest_route=\/wp\/v2\/pages"}],"about":[{"href":"https:\/\/colegioarquitectos.com\/noticias\/index.php?rest_route=\/wp\/v2\/types\/page"}],"author":[{"embeddable":true,"href":"https:\/\/colegioarquitectos.com\/noticias\/index.php?rest_route=\/wp\/v2\/users\/4"}],"replies":[{"embeddable":true,"href":"https:\/\/colegioarquitectos.com\/noticias\/index.php?rest_route=%2Fwp%2Fv2%2Fcomments&post=30226"}],"version-history":[{"count":0,"href":"https:\/\/colegioarquitectos.com\/noticias\/index.php?rest_route=\/wp\/v2\/pages\/30226\/revisions"}],"wp:attachment":[{"href":"https:\/\/colegioarquitectos.com\/noticias\/index.php?rest_route=%2Fwp%2Fv2%2Fmedia&parent=30226"}],"curies":[{"name":"wp","href":"https:\/\/api.w.org\/{rel}","templated":true}]}}

<p><img loading="lazy" decoding="async" class="aligncenter size-full wp-image-30228" src="https://colegioarquitectos.com/noticias/wp-content/uploads/2023/04/VITRALES-ENCABEZADO.jpg" alt="" width="1280" height="720" srcset="https://colegioarquitectos.com/noticias/wp-content/uploads/2023/04/VITRALES-ENCABEZADO.jpg 1280w, https://colegioarquitectos.com/noticias/wp-content/uploads/2023/04/VITRALES-ENCABEZADO-300x169.jpg 300w, https://colegioarquitectos.com/noticias/wp-content/uploads/2023/04/VITRALES-ENCABEZADO-768x432.jpg 768w, https://colegioarquitectos.com/noticias/wp-content/uploads/2023/04/VITRALES-ENCABEZADO-1024x576.jpg 1024w" sizes="auto, (max-width: 1280px) 100vw, 1280px" /></p>
<p>&nbsp;</p>
<p>La Sede Nacional del Colegio de Arquitectos posee un conjunto de 6 vitrales, ubicados en los dos halles principales de doble altura, en el segundo y tercer nivel del edificio, en sus alas oriente y poniente. Se destacan, tanto por su estado de conservación (prácticamente completo) como por los temas que figuran en las vidrieras, en especial las del segundo piso, trabajadas con grisallas e ilustradas con especies de la flora local.</p>
<p>Los vitrales de los dos halles principales, de tipo floral y de tipo geométrico representan un bien de alto valor ornamental y otorgan al espacio interior del edificio calidad y riqueza ambiental, a través de sus diseños, su colorido e iluminación natural y constituyen un interesante eslabón dentro de la historia del vitral en Chile en específico por las técnicas utilizadas —pintura al fuego— y las especies figuradas, caso inusual dentro de obras de similar cronología y estilo.</p>
<p>&nbsp;</p>
<div data-offset-key="p2n9-0-0"><img loading="lazy" decoding="async" class="aligncenter size-full wp-image-25101" src="http://colegioarquitectos.com/noticias/wp-content/uploads/2020/05/IMG_3206.jpg" alt="" width="600" height="622" srcset="https://colegioarquitectos.com/noticias/wp-content/uploads/2020/05/IMG_3206.jpg 600w, https://colegioarquitectos.com/noticias/wp-content/uploads/2020/05/IMG_3206-289x300.jpg 289w" sizes="auto, (max-width: 600px) 100vw, 600px" /></div>
<p>&nbsp;</p>
<p>En esa dirección, en 2015 los vitrales fueron sometidos a un proceso de restauración que buscaba mejorar el estado de conservación de la obra —que había sufrido perdida de piezas y paneles— y devolver una mejor lectura al conjunto. Al mismo tiempo, pretendía prolongar en mejores condiciones —en el largo plazo— la vida de esta serie de vitrales.</p>
<p>El programa de conservación y restauración de los vitrales integró como etapa fundamental la difusión de la obra, orientada a acercar esta técnica, su historia y su presencia en nuestro país, a la ciudadanía.</p>
<p>Los vitrales de la Sede Nacional de Colegio de Arquitectos de Chile fueron los primeros vitrales de factura nacional en la arquitectura chilena y, en este caso, la posibilidad de una eventual transmisión entre técnicos europeos y locales.</p>
<p>&nbsp;</p>
<p></p>

<p>&nbsp; La Sede Nacional del Colegio de Arquitectos posee un conjunto de 6 vitrales, ubicados en los dos halles principales de doble altura, en el segundo y tercer nivel del edificio, en sus alas oriente y poniente. Se destacan, tanto &hellip; <a class="more-link" href="https://colegioarquitectos.com/noticias/?page_id=30226">ver más</a></p>

<!-- This site is optimized with the Yoast SEO plugin v24.2 - https://yoast.com/wordpress/plugins/seo/ -->
<title>Vitrales - COLEGIO DE ARQUITECTOS DE CHILE</title>
<meta name="robots" content="index, follow, max-snippet:-1, max-image-preview:large, max-video-preview:-1" />
<link rel="canonical" href="https://colegioarquitectos.com/noticias/?page_id=30226" />
<meta property="og:locale" content="es_ES" />
<meta property="og:type" content="article" />
<meta property="og:title" content="Vitrales - COLEGIO DE ARQUITECTOS DE CHILE" />
<meta property="og:description" content="&nbsp; La Sede Nacional del Colegio de Arquitectos posee un conjunto de 6 vitrales, ubicados en los dos halles principales de doble altura, en el segundo y tercer nivel del edificio, en sus alas oriente y poniente. Se destacan, tanto &hellip; ver más" />
<meta property="og:url" content="https://colegioarquitectos.com/noticias/?page_id=30226" />
<meta property="og:site_name" content="COLEGIO DE ARQUITECTOS DE CHILE" />
<meta property="article:publisher" content="https://facebook.com/Colegioarq/" />
<meta property="og:image" content="https://colegioarquitectos.com/noticias/wp-content/uploads/2023/04/VITRALES-ENCABEZADO.jpg" />
<meta name="twitter:card" content="summary_large_image" />
<meta name="twitter:site" content="@colegioarq" />
<meta name="twitter:label1" content="Tiempo de lectura" />
	<meta name="twitter:data1" content="2 minutos" />
<script type="application/ld+json" class="yoast-schema-graph">{"@context":"https://schema.org","@graph":[{"@type":"WebPage","@id":"https://colegioarquitectos.com/noticias/?page_id=30226","url":"https://colegioarquitectos.com/noticias/?page_id=30226","name":"Vitrales - COLEGIO DE ARQUITECTOS DE CHILE","isPartOf":{"@id":"https://colegioarquitectos.com/noticias/#website"},"primaryImageOfPage":{"@id":"https://colegioarquitectos.com/noticias/?page_id=30226#primaryimage"},"image":{"@id":"https://colegioarquitectos.com/noticias/?page_id=30226#primaryimage"},"thumbnailUrl":"https://colegioarquitectos.com/noticias/wp-content/uploads/2023/04/VITRALES-ENCABEZADO.jpg","datePublished":"2023-04-24T16:00:50+00:00","dateModified":"2023-04-24T16:00:50+00:00","breadcrumb":{"@id":"https://colegioarquitectos.com/noticias/?page_id=30226#breadcrumb"},"inLanguage":"es","potentialAction":[{"@type":"ReadAction","target":["https://colegioarquitectos.com/noticias/?page_id=30226"]}]},{"@type":"ImageObject","inLanguage":"es","@id":"https://colegioarquitectos.com/noticias/?page_id=30226#primaryimage","url":"https://colegioarquitectos.com/noticias/wp-content/uploads/2023/04/VITRALES-ENCABEZADO.jpg","contentUrl":"https://colegioarquitectos.com/noticias/wp-content/uploads/2023/04/VITRALES-ENCABEZADO.jpg","width":1280,"height":720},{"@type":"BreadcrumbList","@id":"https://colegioarquitectos.com/noticias/?page_id=30226#breadcrumb","itemListElement":[{"@type":"ListItem","position":1,"name":"Portada","item":"https://colegioarquitectos.com/noticias"},{"@type":"ListItem","position":2,"name":"Vitrales"}]},{"@type":"WebSite","@id":"https://colegioarquitectos.com/noticias/#website","url":"https://colegioarquitectos.com/noticias/","name":"COLEGIO DE ARQUITECTOS DE CHILE","description":"","publisher":{"@id":"https://colegioarquitectos.com/noticias/#organization"},"potentialAction":[{"@type":"SearchAction","target":{"@type":"EntryPoint","urlTemplate":"https://colegioarquitectos.com/noticias/?s={search_term_string}"},"query-input":{"@type":"PropertyValueSpecification","valueRequired":true,"valueName":"search_term_string"}}],"inLanguage":"es"},{"@type":"Organization","@id":"https://colegioarquitectos.com/noticias/#organization","name":"COLEGIO DE ARQUITECTOS DE CHILE","url":"https://colegioarquitectos.com/noticias/","logo":{"@type":"ImageObject","inLanguage":"es","@id":"https://colegioarquitectos.com/noticias/#/schema/logo/image/","url":"https://colegioarquitectos.com/noticias/wp-content/uploads/2021/05/ENCABEZADO-LOGO-CA.jpg","contentUrl":"https://colegioarquitectos.com/noticias/wp-content/uploads/2021/05/ENCABEZADO-LOGO-CA.jpg","width":690,"height":350,"caption":"COLEGIO DE ARQUITECTOS DE CHILE"},"image":{"@id":"https://colegioarquitectos.com/noticias/#/schema/logo/image/"},"sameAs":["https://facebook.com/Colegioarq/","https://x.com/colegioarq","https://instagram.com/colegioarq","https://youtube.com/@ColegiodeArquitectosdeChile"]}]}</script>
<!-- / Yoast SEO plugin. -->

&nbsp; La Sede Nacional del Colegio de Arquitectos posee un conjunto de 6 vitrales, ubicados en los dos halles principales de doble altura, en el segundo y tercer nivel del edificio, en sus alas oriente y poniente. Se destacan, tanto &hellip; ver más
