
{"id":30836,"date":"2023-09-05T10:23:02","date_gmt":"2023-09-05T14:23:02","guid":{"rendered":"https:\/\/colegioarquitectos.com\/?page_id=30836"},"modified":"2025-07-07T15:19:42","modified_gmt":"2025-07-07T19:19:42","slug":"conexiones-internacionales","status":"publish","type":"page","link":"https:\/\/colegioarquitectos.com\/noticias\/?page_id=30836","title":{"rendered":"Conexiones internacionales"},"content":{"rendered":"<p><img loading=\"lazy\" decoding=\"async\" class=\"aligncenter size-full wp-image-31976\" src=\"https:\/\/colegioarquitectos.com\/noticias\/wp-content\/uploads\/2023\/09\/WhatsApp-Image-2024-06-28-at-15.16.56.jpeg\" alt=\"\" width=\"1280\" height=\"720\" srcset=\"https:\/\/colegioarquitectos.com\/noticias\/wp-content\/uploads\/2023\/09\/WhatsApp-Image-2024-06-28-at-15.16.56.jpeg 1280w, https:\/\/colegioarquitectos.com\/noticias\/wp-content\/uploads\/2023\/09\/WhatsApp-Image-2024-06-28-at-15.16.56-300x169.jpeg 300w, https:\/\/colegioarquitectos.com\/noticias\/wp-content\/uploads\/2023\/09\/WhatsApp-Image-2024-06-28-at-15.16.56-768x432.jpeg 768w, https:\/\/colegioarquitectos.com\/noticias\/wp-content\/uploads\/2023\/09\/WhatsApp-Image-2024-06-28-at-15.16.56-1024x576.jpeg 1024w\" sizes=\"auto, (max-width: 1280px) 100vw, 1280px\" \/><\/p>\n<p>El Colegio de Arquitectos de Chile ha <strong>reforzado la participaci\u00f3n gremial en las instancias t\u00e9cnicas y pol\u00edticas propias de nuestro \u00e1mbito disciplinar<\/strong>, as\u00ed como tambi\u00e9n <strong>promover la creaci\u00f3n de nuevos foros para la discusi\u00f3n de las tem\u00e1ticas asociadas al desarrollo de nuestra profesi\u00f3n y de cada \u00e1rea de especialidad que la compone<\/strong>.<\/p>\n<p>Una vez que fueron identificadas y evaluadas las <strong>representaciones institucionales<\/strong> en foros externos,<strong> estas se reforzaron y amplificaron en perspectiva de incrementar la influencia de nuestra orden en la discusi\u00f3n tem\u00e1tica de aquellos asuntos que se estimaron relevantes para la profesi\u00f3n<\/strong>.<\/p>\n<p>En esa l\u00ednea, actualmente el Colegio de Arquitectos de Chile tiene las siguientes conexiones internacionales:<\/p>\n<p>&nbsp;<\/p>\n<h4>Uni\u00f3n Internacional de Arquitectos (UIA)<\/h4>\n<hr \/>\n<p>La Uni\u00f3n Internacional de Arquitectos (UIA) fue fundada el <strong>28 de junio de 1948<\/strong> en <strong>Lausana<\/strong>, Suiza, tras la fusi\u00f3n del <strong>Comit\u00e9 Permanente Internacional de Arquitectos<\/strong> y la <strong>Reuni\u00f3n Internacional de Arquitectos<\/strong>. Su sede se encuentra en <strong>Par\u00eds<\/strong>. La organizaci\u00f3n es reconocida como la <strong>\u00fanica organizaci\u00f3n de arquitectura global<\/strong> por la mayor\u00eda de las agencias de las Naciones Unidas, incluidas la UNESCO, el CNUAH, la ESOSOC, la ONUDI y la Organizaci\u00f3n Mundial de la Salud, as\u00ed como la OMC. Su presidenta es <strong>Regina Gonthier<\/strong>.<\/p>\n<p>A trav\u00e9s de sus Secciones Miembro, la UIA est\u00e1 representada en m\u00e1s de <strong>100 pa\u00edses y territorios<\/strong>, agrupados geogr\u00e1ficamente en cinco regiones:<\/p>\n<p>&nbsp;<\/p>\n<ul>\n<li>Regi\u00f3n I: Europa Occidental<\/li>\n<li>Regi\u00f3n II: Europa central y oriental y Oriente Medio<\/li>\n<li>Regi\u00f3n III: Las Am\u00e9ricas<\/li>\n<li>Regi\u00f3n IV: Asia y Ocean\u00eda<\/li>\n<li>Regi\u00f3n V: \u00c1frica<\/li>\n<\/ul>\n<p>&nbsp;<\/p>\n<p>En julio de 2023, en el marco del\u00a0<strong>UIA World Congress of Architects 2023,\u00a0<\/strong>la past presidenta del Colegio de Arquitectos de Chile, <strong>Jadille Baza Apud<\/strong>, fue electa como consejera en representaci\u00f3n de la <strong>Regi\u00f3n III \u2013 Las Am\u00e9ricas<\/strong>. En tanto, el colegiado <strong>Leoncio Orellana<\/strong> ser\u00e1 consejero suplente.<\/p>\n<p>Tambi\u00e9n participan como representantes en la <strong>UIA Comission Architecture for ALL (AFA)<\/strong>, las arquitectas <strong>Cecilia Leiva<\/strong>, <strong>Kristine France<\/strong> y <strong>Katia Jadue<\/strong>.<\/p>\n<p>En tanto, el arquitecto <strong>Francisco Herrera<\/strong> participa como miembro de la<strong> UIA Comission Heritage and Cultural Identity<\/strong>; y el arquitecto <strong>V\u00edctor G\u00e1lvez<\/strong> en la <strong>UIA Comission Social Habitat<\/strong>.<\/p>\n<p>Por otra parte, el arquitecto <strong>Jorge Marsino<\/strong> es el director de la <strong>UIA Comission Arquitectura Educacional y Cultural<\/strong>, mientras que el arquitecto <strong>Juan Lund<\/strong> y la arquitecta <strong>Mar\u00eda In\u00e9s Buzzoni<\/strong> son miembros.<\/p>\n<p>&nbsp;<\/p>\n<h4>Federaci\u00f3n Panamericana de Asociaciones de Arquitectos (FPAA)<\/h4>\n<hr \/>\n<p>La Federaci\u00f3n Panamericana de Asociaciones de Arquitectos (FPAA) es una instituci\u00f3n que representa formal y territorialmente a<strong> todas las secciones nacionales de arquitectos de Am\u00e9rica<\/strong>; una entidad multinacional que <strong>dialoga en cuatro idiomas<\/strong>, los que se hablan en el continente. <strong>Red de redes de la arquitectura americana. Una federaci\u00f3n viva<\/strong>.<\/p>\n<p>Est\u00e1 representada por un equipo de directivos de talentos <strong>poli\u00e9dricos, transnacional, diverso, inclusivo y multicultural<\/strong>. Su presidente es <strong>Gerardo Montaruli<\/strong>.<\/p>\n<p>La FPAA est\u00e1 compuesta por las regiones:<\/p>\n<p>&nbsp;<\/p>\n<ul>\n<li>Norte<\/li>\n<li>Centro<\/li>\n<li>Caribe<\/li>\n<li>Andina<\/li>\n<li>Cono Sur<\/li>\n<\/ul>\n<p>&nbsp;<\/p>\n<p>El Colegio de Arquitectos de Chile pertenece a la regi\u00f3n Cono Sur, actualmente bajo la vicepresidencia de <strong>Mar\u00eda Luz Cubilla<\/strong>.<\/p>\n<p>En la Federaci\u00f3n Panamericana de Asociaciones de Arquitectos el Colegio de Arquitectos de Chile est\u00e1 representado a trav\u00e9s del presidente nacional, <strong>Rodolfo Jim\u00e9nez Cavieres<\/strong>.<\/p>\n<p>&nbsp;<\/p>\n<p>&nbsp;<\/p>\n<h4>Red de Bienales de Arquitectura de Am\u00e9rica Latina (REDBAAL)<\/h4>\n<hr \/>\n<p>La <strong>Red de Bienales de Arquitectura de Am\u00e9rica Latina (REDBAAL)<\/strong>, es una iniciativa <strong>aut\u00f3noma y sin fines de lucro<\/strong>, fundada en <strong>Quito<\/strong>, en noviembre de 2012, para la<strong> integraci\u00f3n de la arquitectura y el urbanismo latinoamericanos, a trav\u00e9s de sus bienales, mediante el intercambio de informaci\u00f3n, coordinaci\u00f3n de fechas y difusi\u00f3n de las bienales<\/strong>, en los diversos pa\u00edses del continente y del mundo.<\/p>\n<p>REDBAAL trabaja en la <strong>creaci\u00f3n, salvaguarda y difusi\u00f3n de un archivo digital actualizado de las bienales de arquitectura de Am\u00e9rica Latina<\/strong>, que incluya los proyectos presentados y premiados, las conferencias dictadas, las exposiciones realizadas, etc.<\/p>\n<p>Tambi\u00e9n apoya el desarrollo de las bienales de arquitectura de Am\u00e9rica Latina, <strong>facilitando contactos, coordinando fechas, gestionando recursos e iniciativas que las potencien<\/strong>. REDBAAL promueve la discusi\u00f3n interdisciplinaria de los temas m\u00e1s significativos en los campos de la arquitectura y el urbanismo, para aportar a la soluci\u00f3n de los problemas del h\u00e1bitat en los pa\u00edses de Am\u00e9rica Latina.<\/p>\n<p>La Red de Bienales de Arquitectura de Am\u00e9rica Latina est\u00e1 compuesta por:<\/p>\n<p>&nbsp;<\/p>\n<ul>\n<li>Bienal Internacional de Arquitectura de Buenos Aires<\/li>\n<li>Bienal Internacional de Arquitectura de Costa Rica<\/li>\n<li>Bienal de Arquitectura Jaliciense, Guadalajara<\/li>\n<li>Bienal Nacional de Arquitectura de Venezuela<\/li>\n<li>New York City Architecture Biennial<\/li>\n<li>Bienal Nacional de Arquitectura de Bolivia<\/li>\n<li>Sal\u00f3n Nacional de Arquitectura de Cuba<\/li>\n<li>Bienal de Arquitectura y Urbanismo de Colombia<\/li>\n<li>Bienal de Arquitectura Peruana<\/li>\n<li>Bienal Internacional de Arquitectura de Sao Paulo<\/li>\n<li>Bienal Internacional de Arquitectura de Santa Cruz<\/li>\n<li>Bienal Panamericana de Arquitectura de Quito<\/li>\n<li>Bienal de Arquitectura de la Ciudad de M\u00e9xico<\/li>\n<li>Bienal de Arquitectura y Urbanismo de Chile<\/li>\n<li>Bienal Internacional de Arquitectura de Honduras<\/li>\n<\/ul>\n<p>&nbsp;<\/p>\n<p>Las bienales de arquitectura de Am\u00e9rica Latina tienen en la REDBAAL a la organizaci\u00f3n que las <strong>promociona, las apoya y fortalece<\/strong>. El <strong>Premio ON<\/strong>, <strong>Premio Oscar Niemeyer para Arquitectura Latinoamericana<\/strong>, de la REDBAAL est\u00e1 considerado como el <strong>premio de la \u00abBienal de Bienales\u00bb<\/strong>.<\/p>\n<p>&nbsp;<\/p>\n<hr \/>\n<p><img loading=\"lazy\" decoding=\"async\" class=\"alignleft wp-image-31343 size-full\" src=\"https:\/\/colegioarquitectos.com\/noticias\/wp-content\/uploads\/2023\/09\/png-clipart-computer-mouse-pointer-cursor-computer-icons-indicator-angle-electronics-thumbnail-e1703689455603.png\" alt=\"\" width=\"25\" height=\"25\" \/>Puedes revisar toda la informaci\u00f3n de las instituciones internacionales en las que participa el Colegio de Arquitectos de Chile <strong><a href=\"https:\/\/colegioarquitectos.com\/noticias\/?cat=621\">ac\u00e1<\/a><\/strong>.<\/p>\n<p>&nbsp;<\/p>\n<p><\/p>","protected":false},"excerpt":{"rendered":"<p>El Colegio de Arquitectos de Chile ha reforzado la participaci\u00f3n gremial en las instancias t\u00e9cnicas y pol\u00edticas propias de nuestro \u00e1mbito disciplinar, as\u00ed como tambi\u00e9n promover la creaci\u00f3n de nuevos foros para la discusi\u00f3n de las tem\u00e1ticas asociadas al desarrollo &hellip; <a class=\"more-link\" href=\"https:\/\/colegioarquitectos.com\/noticias\/?page_id=30836\">ver m\u00e1s<\/a><\/p>","protected":false},"author":4,"featured_media":0,"parent":0,"menu_order":0,"comment_status":"closed","ping_status":"closed","template":"pages\/fullwidth.php","meta":{"footnotes":""},"class_list":["post-30836","page","type-page","status-publish","hentry"],"yoast_head":"<!-- This site is optimized with the Yoast SEO plugin v24.2 - https:\/\/yoast.com\/wordpress\/plugins\/seo\/ -->\n<title>Conexiones internacionales - COLEGIO DE ARQUITECTOS DE CHILE<\/title>\n<meta name=\"robots\" content=\"index, follow, max-snippet:-1, max-image-preview:large, max-video-preview:-1\" \/>\n<link rel=\"canonical\" href=\"https:\/\/colegioarquitectos.com\/noticias\/?page_id=30836\" \/>\n<meta property=\"og:locale\" content=\"es_ES\" \/>\n<meta property=\"og:type\" content=\"article\" \/>\n<meta property=\"og:title\" content=\"Conexiones internacionales - COLEGIO DE ARQUITECTOS DE CHILE\" \/>\n<meta property=\"og:description\" content=\"El Colegio de Arquitectos de Chile ha reforzado la participaci\u00f3n gremial en las instancias t\u00e9cnicas y pol\u00edticas propias de nuestro \u00e1mbito disciplinar, as\u00ed como tambi\u00e9n promover la creaci\u00f3n de nuevos foros para la discusi\u00f3n de las tem\u00e1ticas asociadas al desarrollo &hellip; ver m\u00e1s\" \/>\n<meta property=\"og:url\" content=\"https:\/\/colegioarquitectos.com\/noticias\/?page_id=30836\" \/>\n<meta property=\"og:site_name\" content=\"COLEGIO DE ARQUITECTOS DE CHILE\" \/>\n<meta property=\"article:publisher\" content=\"https:\/\/facebook.com\/Colegioarq\/\" \/>\n<meta property=\"article:modified_time\" content=\"2025-07-07T19:19:42+00:00\" \/>\n<meta property=\"og:image\" content=\"https:\/\/colegioarquitectos.com\/noticias\/wp-content\/uploads\/2023\/09\/WhatsApp-Image-2024-06-28-at-15.16.56.jpeg\" \/>\n\t<meta property=\"og:image:width\" content=\"1280\" \/>\n\t<meta property=\"og:image:height\" content=\"720\" \/>\n\t<meta property=\"og:image:type\" content=\"image\/jpeg\" \/>\n<meta name=\"twitter:card\" content=\"summary_large_image\" \/>\n<meta name=\"twitter:site\" content=\"@colegioarq\" \/>\n<meta name=\"twitter:label1\" content=\"Tiempo de lectura\" \/>\n\t<meta name=\"twitter:data1\" content=\"5 minutos\" \/>\n<script type=\"application\/ld+json\" class=\"yoast-schema-graph\">{\"@context\":\"https:\/\/schema.org\",\"@graph\":[{\"@type\":\"WebPage\",\"@id\":\"https:\/\/colegioarquitectos.com\/noticias\/?page_id=30836\",\"url\":\"https:\/\/colegioarquitectos.com\/noticias\/?page_id=30836\",\"name\":\"Conexiones internacionales - COLEGIO DE ARQUITECTOS DE CHILE\",\"isPartOf\":{\"@id\":\"https:\/\/colegioarquitectos.com\/noticias\/#website\"},\"primaryImageOfPage\":{\"@id\":\"https:\/\/colegioarquitectos.com\/noticias\/?page_id=30836#primaryimage\"},\"image\":{\"@id\":\"https:\/\/colegioarquitectos.com\/noticias\/?page_id=30836#primaryimage\"},\"thumbnailUrl\":\"https:\/\/colegioarquitectos.com\/noticias\/wp-content\/uploads\/2023\/09\/WhatsApp-Image-2024-06-28-at-15.16.56.jpeg\",\"datePublished\":\"2023-09-05T14:23:02+00:00\",\"dateModified\":\"2025-07-07T19:19:42+00:00\",\"breadcrumb\":{\"@id\":\"https:\/\/colegioarquitectos.com\/noticias\/?page_id=30836#breadcrumb\"},\"inLanguage\":\"es\",\"potentialAction\":[{\"@type\":\"ReadAction\",\"target\":[\"https:\/\/colegioarquitectos.com\/noticias\/?page_id=30836\"]}]},{\"@type\":\"ImageObject\",\"inLanguage\":\"es\",\"@id\":\"https:\/\/colegioarquitectos.com\/noticias\/?page_id=30836#primaryimage\",\"url\":\"https:\/\/colegioarquitectos.com\/noticias\/wp-content\/uploads\/2023\/09\/WhatsApp-Image-2024-06-28-at-15.16.56.jpeg\",\"contentUrl\":\"https:\/\/colegioarquitectos.com\/noticias\/wp-content\/uploads\/2023\/09\/WhatsApp-Image-2024-06-28-at-15.16.56.jpeg\",\"width\":1280,\"height\":720},{\"@type\":\"BreadcrumbList\",\"@id\":\"https:\/\/colegioarquitectos.com\/noticias\/?page_id=30836#breadcrumb\",\"itemListElement\":[{\"@type\":\"ListItem\",\"position\":1,\"name\":\"Portada\",\"item\":\"https:\/\/colegioarquitectos.com\/noticias\"},{\"@type\":\"ListItem\",\"position\":2,\"name\":\"Conexiones internacionales\"}]},{\"@type\":\"WebSite\",\"@id\":\"https:\/\/colegioarquitectos.com\/noticias\/#website\",\"url\":\"https:\/\/colegioarquitectos.com\/noticias\/\",\"name\":\"COLEGIO DE ARQUITECTOS DE CHILE\",\"description\":\"\",\"publisher\":{\"@id\":\"https:\/\/colegioarquitectos.com\/noticias\/#organization\"},\"potentialAction\":[{\"@type\":\"SearchAction\",\"target\":{\"@type\":\"EntryPoint\",\"urlTemplate\":\"https:\/\/colegioarquitectos.com\/noticias\/?s={search_term_string}\"},\"query-input\":{\"@type\":\"PropertyValueSpecification\",\"valueRequired\":true,\"valueName\":\"search_term_string\"}}],\"inLanguage\":\"es\"},{\"@type\":\"Organization\",\"@id\":\"https:\/\/colegioarquitectos.com\/noticias\/#organization\",\"name\":\"COLEGIO DE ARQUITECTOS DE CHILE\",\"url\":\"https:\/\/colegioarquitectos.com\/noticias\/\",\"logo\":{\"@type\":\"ImageObject\",\"inLanguage\":\"es\",\"@id\":\"https:\/\/colegioarquitectos.com\/noticias\/#\/schema\/logo\/image\/\",\"url\":\"https:\/\/colegioarquitectos.com\/noticias\/wp-content\/uploads\/2021\/05\/ENCABEZADO-LOGO-CA.jpg\",\"contentUrl\":\"https:\/\/colegioarquitectos.com\/noticias\/wp-content\/uploads\/2021\/05\/ENCABEZADO-LOGO-CA.jpg\",\"width\":690,\"height\":350,\"caption\":\"COLEGIO DE ARQUITECTOS DE CHILE\"},\"image\":{\"@id\":\"https:\/\/colegioarquitectos.com\/noticias\/#\/schema\/logo\/image\/\"},\"sameAs\":[\"https:\/\/facebook.com\/Colegioarq\/\",\"https:\/\/x.com\/colegioarq\",\"https:\/\/instagram.com\/colegioarq\",\"https:\/\/youtube.com\/@ColegiodeArquitectosdeChile\"]}]}<\/script>\n<!-- \/ Yoast SEO plugin. -->","yoast_head_json":{"title":"Conexiones internacionales - COLEGIO DE ARQUITECTOS DE CHILE","robots":{"index":"index","follow":"follow","max-snippet":"max-snippet:-1","max-image-preview":"max-image-preview:large","max-video-preview":"max-video-preview:-1"},"canonical":"https:\/\/colegioarquitectos.com\/noticias\/?page_id=30836","og_locale":"es_ES","og_type":"article","og_title":"Conexiones internacionales - COLEGIO DE ARQUITECTOS DE CHILE","og_description":"El Colegio de Arquitectos de Chile ha reforzado la participaci\u00f3n gremial en las instancias t\u00e9cnicas y pol\u00edticas propias de nuestro \u00e1mbito disciplinar, as\u00ed como tambi\u00e9n promover la creaci\u00f3n de nuevos foros para la discusi\u00f3n de las tem\u00e1ticas asociadas al desarrollo &hellip; ver m\u00e1s","og_url":"https:\/\/colegioarquitectos.com\/noticias\/?page_id=30836","og_site_name":"COLEGIO DE ARQUITECTOS DE CHILE","article_publisher":"https:\/\/facebook.com\/Colegioarq\/","article_modified_time":"2025-07-07T19:19:42+00:00","og_image":[{"width":1280,"height":720,"url":"https:\/\/colegioarquitectos.com\/noticias\/wp-content\/uploads\/2023\/09\/WhatsApp-Image-2024-06-28-at-15.16.56.jpeg","type":"image\/jpeg"}],"twitter_card":"summary_large_image","twitter_site":"@colegioarq","twitter_misc":{"Tiempo de lectura":"5 minutos"},"schema":{"@context":"https:\/\/schema.org","@graph":[{"@type":"WebPage","@id":"https:\/\/colegioarquitectos.com\/noticias\/?page_id=30836","url":"https:\/\/colegioarquitectos.com\/noticias\/?page_id=30836","name":"Conexiones internacionales - COLEGIO DE ARQUITECTOS DE CHILE","isPartOf":{"@id":"https:\/\/colegioarquitectos.com\/noticias\/#website"},"primaryImageOfPage":{"@id":"https:\/\/colegioarquitectos.com\/noticias\/?page_id=30836#primaryimage"},"image":{"@id":"https:\/\/colegioarquitectos.com\/noticias\/?page_id=30836#primaryimage"},"thumbnailUrl":"https:\/\/colegioarquitectos.com\/noticias\/wp-content\/uploads\/2023\/09\/WhatsApp-Image-2024-06-28-at-15.16.56.jpeg","datePublished":"2023-09-05T14:23:02+00:00","dateModified":"2025-07-07T19:19:42+00:00","breadcrumb":{"@id":"https:\/\/colegioarquitectos.com\/noticias\/?page_id=30836#breadcrumb"},"inLanguage":"es","potentialAction":[{"@type":"ReadAction","target":["https:\/\/colegioarquitectos.com\/noticias\/?page_id=30836"]}]},{"@type":"ImageObject","inLanguage":"es","@id":"https:\/\/colegioarquitectos.com\/noticias\/?page_id=30836#primaryimage","url":"https:\/\/colegioarquitectos.com\/noticias\/wp-content\/uploads\/2023\/09\/WhatsApp-Image-2024-06-28-at-15.16.56.jpeg","contentUrl":"https:\/\/colegioarquitectos.com\/noticias\/wp-content\/uploads\/2023\/09\/WhatsApp-Image-2024-06-28-at-15.16.56.jpeg","width":1280,"height":720},{"@type":"BreadcrumbList","@id":"https:\/\/colegioarquitectos.com\/noticias\/?page_id=30836#breadcrumb","itemListElement":[{"@type":"ListItem","position":1,"name":"Portada","item":"https:\/\/colegioarquitectos.com\/noticias"},{"@type":"ListItem","position":2,"name":"Conexiones internacionales"}]},{"@type":"WebSite","@id":"https:\/\/colegioarquitectos.com\/noticias\/#website","url":"https:\/\/colegioarquitectos.com\/noticias\/","name":"COLEGIO DE ARQUITECTOS DE CHILE","description":"","publisher":{"@id":"https:\/\/colegioarquitectos.com\/noticias\/#organization"},"potentialAction":[{"@type":"SearchAction","target":{"@type":"EntryPoint","urlTemplate":"https:\/\/colegioarquitectos.com\/noticias\/?s={search_term_string}"},"query-input":{"@type":"PropertyValueSpecification","valueRequired":true,"valueName":"search_term_string"}}],"inLanguage":"es"},{"@type":"Organization","@id":"https:\/\/colegioarquitectos.com\/noticias\/#organization","name":"COLEGIO DE ARQUITECTOS DE CHILE","url":"https:\/\/colegioarquitectos.com\/noticias\/","logo":{"@type":"ImageObject","inLanguage":"es","@id":"https:\/\/colegioarquitectos.com\/noticias\/#\/schema\/logo\/image\/","url":"https:\/\/colegioarquitectos.com\/noticias\/wp-content\/uploads\/2021\/05\/ENCABEZADO-LOGO-CA.jpg","contentUrl":"https:\/\/colegioarquitectos.com\/noticias\/wp-content\/uploads\/2021\/05\/ENCABEZADO-LOGO-CA.jpg","width":690,"height":350,"caption":"COLEGIO DE ARQUITECTOS DE CHILE"},"image":{"@id":"https:\/\/colegioarquitectos.com\/noticias\/#\/schema\/logo\/image\/"},"sameAs":["https:\/\/facebook.com\/Colegioarq\/","https:\/\/x.com\/colegioarq","https:\/\/instagram.com\/colegioarq","https:\/\/youtube.com\/@ColegiodeArquitectosdeChile"]}]}},"_links":{"self":[{"href":"https:\/\/colegioarquitectos.com\/noticias\/index.php?rest_route=\/wp\/v2\/pages\/30836","targetHints":{"allow":["GET"]}}],"collection":[{"href":"https:\/\/colegioarquitectos.com\/noticias\/index.php?rest_route=\/wp\/v2\/pages"}],"about":[{"href":"https:\/\/colegioarquitectos.com\/noticias\/index.php?rest_route=\/wp\/v2\/types\/page"}],"author":[{"embeddable":true,"href":"https:\/\/colegioarquitectos.com\/noticias\/index.php?rest_route=\/wp\/v2\/users\/4"}],"replies":[{"embeddable":true,"href":"https:\/\/colegioarquitectos.com\/noticias\/index.php?rest_route=%2Fwp%2Fv2%2Fcomments&post=30836"}],"version-history":[{"count":2,"href":"https:\/\/colegioarquitectos.com\/noticias\/index.php?rest_route=\/wp\/v2\/pages\/30836\/revisions"}],"predecessor-version":[{"id":34007,"href":"https:\/\/colegioarquitectos.com\/noticias\/index.php?rest_route=\/wp\/v2\/pages\/30836\/revisions\/34007"}],"wp:attachment":[{"href":"https:\/\/colegioarquitectos.com\/noticias\/index.php?rest_route=%2Fwp%2Fv2%2Fmedia&parent=30836"}],"curies":[{"name":"wp","href":"https:\/\/api.w.org\/{rel}","templated":true}]}}