
{"id":33520,"date":"2025-04-21T13:24:42","date_gmt":"2025-04-21T17:24:42","guid":{"rendered":"https:\/\/colegioarquitectos.com\/noticias\/?page_id=33520"},"modified":"2025-07-03T09:50:44","modified_gmt":"2025-07-03T13:50:44","slug":"dossierdeobras","status":"publish","type":"page","link":"https:\/\/colegioarquitectos.com\/noticias\/?page_id=33520","title":{"rendered":"#Dossierdeobras"},"content":{"rendered":"<p><img loading=\"lazy\" decoding=\"async\" class=\"aligncenter size-full wp-image-33521\" src=\"https:\/\/colegioarquitectos.com\/noticias\/wp-content\/uploads\/2025\/04\/Proyecto-nuevo-4.png\" alt=\"\" width=\"1280\" height=\"720\" srcset=\"https:\/\/colegioarquitectos.com\/noticias\/wp-content\/uploads\/2025\/04\/Proyecto-nuevo-4.png 1280w, https:\/\/colegioarquitectos.com\/noticias\/wp-content\/uploads\/2025\/04\/Proyecto-nuevo-4-300x169.png 300w, https:\/\/colegioarquitectos.com\/noticias\/wp-content\/uploads\/2025\/04\/Proyecto-nuevo-4-1024x576.png 1024w, https:\/\/colegioarquitectos.com\/noticias\/wp-content\/uploads\/2025\/04\/Proyecto-nuevo-4-768x432.png 768w\" sizes=\"auto, (max-width: 1280px) 100vw, 1280px\" \/><\/p>\n<p>Como una forma de profundizar la difusi\u00f3n de nuestra arquitectura y el trabajo de las y los arquitectos colegiados de Chile, hemos retomado semanalmente en nuestra cuenta de Instagram y p\u00e1gina web la secci\u00f3n\u00a0<strong>#Dossierdeobras<\/strong>, instancia que tuvo su origen en la\u00a0<strong>revista CA<\/strong>.<\/p>\n<p>&nbsp;<\/p>\n<h4>2025<\/h4>\n<hr \/>\n<p><span style=\"color: #000000;\"><img loading=\"lazy\" decoding=\"async\" class=\"alignleft wp-image-33564\" src=\"https:\/\/colegioarquitectos.com\/noticias\/wp-content\/uploads\/2025\/04\/916771-180x180.png\" alt=\"\" width=\"20\" height=\"20\" srcset=\"https:\/\/colegioarquitectos.com\/noticias\/wp-content\/uploads\/2025\/04\/916771-180x180.png 180w, https:\/\/colegioarquitectos.com\/noticias\/wp-content\/uploads\/2025\/04\/916771-300x300.png 300w, https:\/\/colegioarquitectos.com\/noticias\/wp-content\/uploads\/2025\/04\/916771.png 512w\" sizes=\"auto, (max-width: 20px) 100vw, 20px\" \/><\/span><span style=\"color: #000000;\"><a style=\"color: #000000;\" href=\"https:\/\/colegioarquitectos.com\/noticias\/?p=33971\">3-J: Taller 18<\/a><\/span><\/p>\n<p><span style=\"color: #000000;\"><img loading=\"lazy\" decoding=\"async\" class=\"alignleft wp-image-33564\" src=\"https:\/\/colegioarquitectos.com\/noticias\/wp-content\/uploads\/2025\/04\/916771-180x180.png\" alt=\"\" width=\"20\" height=\"20\" srcset=\"https:\/\/colegioarquitectos.com\/noticias\/wp-content\/uploads\/2025\/04\/916771-180x180.png 180w, https:\/\/colegioarquitectos.com\/noticias\/wp-content\/uploads\/2025\/04\/916771-300x300.png 300w, https:\/\/colegioarquitectos.com\/noticias\/wp-content\/uploads\/2025\/04\/916771.png 512w\" sizes=\"auto, (max-width: 20px) 100vw, 20px\" \/><a style=\"color: #000000;\" href=\"https:\/\/colegioarquitectos.com\/noticias\/?p=33953\">2-J: Casa Joaquina<\/a><\/span><\/p>\n<p><span style=\"color: #000000;\"><img loading=\"lazy\" decoding=\"async\" class=\"alignleft wp-image-33564\" src=\"https:\/\/colegioarquitectos.com\/noticias\/wp-content\/uploads\/2025\/04\/916771-180x180.png\" alt=\"\" width=\"20\" height=\"20\" srcset=\"https:\/\/colegioarquitectos.com\/noticias\/wp-content\/uploads\/2025\/04\/916771-180x180.png 180w, https:\/\/colegioarquitectos.com\/noticias\/wp-content\/uploads\/2025\/04\/916771-300x300.png 300w, https:\/\/colegioarquitectos.com\/noticias\/wp-content\/uploads\/2025\/04\/916771.png 512w\" sizes=\"auto, (max-width: 20px) 100vw, 20px\" \/><\/span><\/p>\n<p><span style=\"color: #000000;\"><a style=\"color: #000000;\" href=\"https:\/\/colegioarquitectos.com\/noticias\/?p=33927\">1-J: Lyc\u00e9e Fr\u00e9d\u00e9ric Mistral, Alianza Francesa, La Serena<\/a><\/span><\/p>\n<p><span style=\"color: #000000;\"><img loading=\"lazy\" decoding=\"async\" class=\"alignleft wp-image-33564\" src=\"https:\/\/colegioarquitectos.com\/noticias\/wp-content\/uploads\/2025\/04\/916771-180x180.png\" alt=\"\" width=\"20\" height=\"20\" srcset=\"https:\/\/colegioarquitectos.com\/noticias\/wp-content\/uploads\/2025\/04\/916771-180x180.png 180w, https:\/\/colegioarquitectos.com\/noticias\/wp-content\/uploads\/2025\/04\/916771-300x300.png 300w, https:\/\/colegioarquitectos.com\/noticias\/wp-content\/uploads\/2025\/04\/916771.png 512w\" sizes=\"auto, (max-width: 20px) 100vw, 20px\" \/><a style=\"color: #000000;\" href=\"https:\/\/colegioarquitectos.com\/noticias\/?p=33787\">4-M: Casa Sol<\/a><\/span><\/p>\n<p><span style=\"color: #000000;\"><img loading=\"lazy\" decoding=\"async\" class=\"alignleft wp-image-33564\" src=\"https:\/\/colegioarquitectos.com\/noticias\/wp-content\/uploads\/2025\/04\/916771-180x180.png\" alt=\"\" width=\"20\" height=\"20\" srcset=\"https:\/\/colegioarquitectos.com\/noticias\/wp-content\/uploads\/2025\/04\/916771-180x180.png 180w, https:\/\/colegioarquitectos.com\/noticias\/wp-content\/uploads\/2025\/04\/916771-300x300.png 300w, https:\/\/colegioarquitectos.com\/noticias\/wp-content\/uploads\/2025\/04\/916771.png 512w\" sizes=\"auto, (max-width: 20px) 100vw, 20px\" \/><\/span><\/p>\n<p><span style=\"color: #000000;\"><a style=\"color: #000000;\" href=\"https:\/\/colegioarquitectos.com\/noticias\/?p=33730\">3-M: Casa Vigilantes<\/a><\/span><\/p>\n<p><span style=\"color: #000000;\"><img loading=\"lazy\" decoding=\"async\" class=\"alignleft wp-image-33564\" src=\"https:\/\/colegioarquitectos.com\/noticias\/wp-content\/uploads\/2025\/04\/916771-180x180.png\" alt=\"\" width=\"20\" height=\"20\" srcset=\"https:\/\/colegioarquitectos.com\/noticias\/wp-content\/uploads\/2025\/04\/916771-180x180.png 180w, https:\/\/colegioarquitectos.com\/noticias\/wp-content\/uploads\/2025\/04\/916771-300x300.png 300w, https:\/\/colegioarquitectos.com\/noticias\/wp-content\/uploads\/2025\/04\/916771.png 512w\" sizes=\"auto, (max-width: 20px) 100vw, 20px\" \/><a style=\"color: #000000;\" href=\"https:\/\/colegioarquitectos.com\/noticias\/?p=33689\">2-M: Casa PAAR<\/a><\/span><\/p>\n<p><span style=\"color: #000000;\"><img loading=\"lazy\" decoding=\"async\" class=\"alignleft wp-image-33564\" src=\"https:\/\/colegioarquitectos.com\/noticias\/wp-content\/uploads\/2025\/04\/916771-180x180.png\" alt=\"\" width=\"20\" height=\"20\" srcset=\"https:\/\/colegioarquitectos.com\/noticias\/wp-content\/uploads\/2025\/04\/916771-180x180.png 180w, https:\/\/colegioarquitectos.com\/noticias\/wp-content\/uploads\/2025\/04\/916771-300x300.png 300w, https:\/\/colegioarquitectos.com\/noticias\/wp-content\/uploads\/2025\/04\/916771.png 512w\" sizes=\"auto, (max-width: 20px) 100vw, 20px\" \/><\/span><\/p>\n<p><span style=\"color: #000000;\"><a style=\"color: #000000;\" href=\"https:\/\/colegioarquitectos.com\/noticias\/?p=33636\">1-M: Museo comunitario de la Comunidad Ind\u00edgena Colla de la Comuna de Copiap\u00f3<\/a><\/span><\/p>\n<p><span style=\"color: #000000;\"><img loading=\"lazy\" decoding=\"async\" class=\"alignleft wp-image-33564\" src=\"https:\/\/colegioarquitectos.com\/noticias\/wp-content\/uploads\/2025\/04\/916771-180x180.png\" alt=\"\" width=\"20\" height=\"20\" srcset=\"https:\/\/colegioarquitectos.com\/noticias\/wp-content\/uploads\/2025\/04\/916771-180x180.png 180w, https:\/\/colegioarquitectos.com\/noticias\/wp-content\/uploads\/2025\/04\/916771-300x300.png 300w, https:\/\/colegioarquitectos.com\/noticias\/wp-content\/uploads\/2025\/04\/916771.png 512w\" sizes=\"auto, (max-width: 20px) 100vw, 20px\" \/><\/span><\/p>\n<p><span style=\"color: #000000;\"><a style=\"color: #000000;\" href=\"https:\/\/colegioarquitectos.com\/noticias\/?p=33597\">6-A: Edificio Gobernaci\u00f3n de Angol<\/a><\/span><\/p>\n<p><span style=\"color: #000000;\"><img loading=\"lazy\" decoding=\"async\" class=\"alignleft wp-image-33564\" src=\"https:\/\/colegioarquitectos.com\/noticias\/wp-content\/uploads\/2025\/04\/916771-180x180.png\" alt=\"\" width=\"20\" height=\"20\" srcset=\"https:\/\/colegioarquitectos.com\/noticias\/wp-content\/uploads\/2025\/04\/916771-180x180.png 180w, https:\/\/colegioarquitectos.com\/noticias\/wp-content\/uploads\/2025\/04\/916771-300x300.png 300w, https:\/\/colegioarquitectos.com\/noticias\/wp-content\/uploads\/2025\/04\/916771.png 512w\" sizes=\"auto, (max-width: 20px) 100vw, 20px\" \/>\u00a0<a style=\"color: #000000;\" href=\"https:\/\/colegioarquitectos.com\/noticias\/?p=33549\">5-A: Oficina Miraflores<\/a><\/span><\/p>\n<p><span style=\"color: #000000;\"><img loading=\"lazy\" decoding=\"async\" class=\"alignleft wp-image-33564\" src=\"https:\/\/colegioarquitectos.com\/noticias\/wp-content\/uploads\/2025\/04\/916771-180x180.png\" alt=\"\" width=\"20\" height=\"20\" srcset=\"https:\/\/colegioarquitectos.com\/noticias\/wp-content\/uploads\/2025\/04\/916771-180x180.png 180w, https:\/\/colegioarquitectos.com\/noticias\/wp-content\/uploads\/2025\/04\/916771-300x300.png 300w, https:\/\/colegioarquitectos.com\/noticias\/wp-content\/uploads\/2025\/04\/916771.png 512w\" sizes=\"auto, (max-width: 20px) 100vw, 20px\" \/>\u00a0<a style=\"color: #000000;\" href=\"https:\/\/colegioarquitectos.com\/noticias\/?p=33539\">4-A: Escuela municipal de R\u00edo Blanco<\/a><\/span><\/p>\n<p><span style=\"color: #000000;\"><img loading=\"lazy\" decoding=\"async\" class=\"alignleft wp-image-33564\" src=\"https:\/\/colegioarquitectos.com\/noticias\/wp-content\/uploads\/2025\/04\/916771-180x180.png\" alt=\"\" width=\"20\" height=\"20\" srcset=\"https:\/\/colegioarquitectos.com\/noticias\/wp-content\/uploads\/2025\/04\/916771-180x180.png 180w, https:\/\/colegioarquitectos.com\/noticias\/wp-content\/uploads\/2025\/04\/916771-300x300.png 300w, https:\/\/colegioarquitectos.com\/noticias\/wp-content\/uploads\/2025\/04\/916771.png 512w\" sizes=\"auto, (max-width: 20px) 100vw, 20px\" \/><a style=\"color: #000000;\" href=\"https:\/\/colegioarquitectos.com\/noticias\/?p=33494\">3-A: Casa-Semilla<\/a><\/span><\/p>\n<p><span style=\"color: #000000;\"><img loading=\"lazy\" decoding=\"async\" class=\"alignleft wp-image-33564\" src=\"https:\/\/colegioarquitectos.com\/noticias\/wp-content\/uploads\/2025\/04\/916771-180x180.png\" alt=\"\" width=\"20\" height=\"20\" srcset=\"https:\/\/colegioarquitectos.com\/noticias\/wp-content\/uploads\/2025\/04\/916771-180x180.png 180w, https:\/\/colegioarquitectos.com\/noticias\/wp-content\/uploads\/2025\/04\/916771-300x300.png 300w, https:\/\/colegioarquitectos.com\/noticias\/wp-content\/uploads\/2025\/04\/916771.png 512w\" sizes=\"auto, (max-width: 20px) 100vw, 20px\" \/>\u00a0<a style=\"color: #000000;\" href=\"https:\/\/colegioarquitectos.com\/noticias\/?p=33471\">2-A: Casa Siete Coig\u00fces<\/a><\/span><\/p>\n<p><span style=\"color: #000000;\"><img loading=\"lazy\" decoding=\"async\" class=\"alignleft wp-image-33564\" src=\"https:\/\/colegioarquitectos.com\/noticias\/wp-content\/uploads\/2025\/04\/916771-180x180.png\" alt=\"\" width=\"20\" height=\"20\" srcset=\"https:\/\/colegioarquitectos.com\/noticias\/wp-content\/uploads\/2025\/04\/916771-180x180.png 180w, https:\/\/colegioarquitectos.com\/noticias\/wp-content\/uploads\/2025\/04\/916771-300x300.png 300w, https:\/\/colegioarquitectos.com\/noticias\/wp-content\/uploads\/2025\/04\/916771.png 512w\" sizes=\"auto, (max-width: 20px) 100vw, 20px\" \/>\u00a0<a style=\"color: #000000;\" href=\"https:\/\/colegioarquitectos.com\/noticias\/?p=33420\">1-A: Rehabilitaci\u00f3n Edificio B, Universidad de O\u2019Higgins, Campus Rancagua<\/a><\/span><\/p>\n<p>&nbsp;<\/p>\n<p><\/p>","protected":false},"excerpt":{"rendered":"<p>Como una forma de profundizar la difusi\u00f3n de nuestra arquitectura y el trabajo de las y los arquitectos colegiados de Chile, hemos retomado semanalmente en nuestra cuenta de Instagram y p\u00e1gina web la secci\u00f3n\u00a0#Dossierdeobras, instancia que tuvo su origen en &hellip; <a class=\"more-link\" href=\"https:\/\/colegioarquitectos.com\/noticias\/?page_id=33520\">ver m\u00e1s<\/a><\/p>","protected":false},"author":4,"featured_media":0,"parent":0,"menu_order":0,"comment_status":"closed","ping_status":"closed","template":"pages\/fullwidth.php","meta":{"footnotes":""},"class_list":["post-33520","page","type-page","status-publish","hentry"],"yoast_head":"<!-- This site is optimized with the Yoast SEO plugin v24.2 - https:\/\/yoast.com\/wordpress\/plugins\/seo\/ -->\n<title>#Dossierdeobras - COLEGIO DE ARQUITECTOS DE CHILE<\/title>\n<meta name=\"description\" content=\"Como una forma de profundizar la difusi\u00f3n de nuestra arquitectura y el trabajo de las y los arquitectos colegiados de Chile, hemos retomado semanalmente en nuestra cuenta de Instagram y p\u00e1gina web la secci\u00f3n\u00a0#Dossierdeobras, instancia que tuvo su origen en la\u00a0revista CA.\" \/>\n<meta name=\"robots\" content=\"index, follow, max-snippet:-1, max-image-preview:large, max-video-preview:-1\" \/>\n<link rel=\"canonical\" href=\"https:\/\/colegioarquitectos.com\/noticias\/?page_id=33520\" \/>\n<meta property=\"og:locale\" content=\"es_ES\" \/>\n<meta property=\"og:type\" content=\"article\" \/>\n<meta property=\"og:title\" content=\"#Dossierdeobras - COLEGIO DE ARQUITECTOS DE CHILE\" \/>\n<meta property=\"og:description\" content=\"Como una forma de profundizar la difusi\u00f3n de nuestra arquitectura y el trabajo de las y los arquitectos colegiados de Chile, hemos retomado semanalmente en nuestra cuenta de Instagram y p\u00e1gina web la secci\u00f3n\u00a0#Dossierdeobras, instancia que tuvo su origen en la\u00a0revista CA.\" \/>\n<meta property=\"og:url\" content=\"https:\/\/colegioarquitectos.com\/noticias\/?page_id=33520\" \/>\n<meta property=\"og:site_name\" content=\"COLEGIO DE ARQUITECTOS DE CHILE\" \/>\n<meta property=\"article:publisher\" content=\"https:\/\/facebook.com\/Colegioarq\/\" \/>\n<meta property=\"article:modified_time\" content=\"2025-07-03T13:50:44+00:00\" \/>\n<meta property=\"og:image\" content=\"https:\/\/colegioarquitectos.com\/noticias\/wp-content\/uploads\/2025\/04\/Proyecto-nuevo-4.png\" \/>\n\t<meta property=\"og:image:width\" content=\"1280\" \/>\n\t<meta property=\"og:image:height\" content=\"720\" \/>\n\t<meta property=\"og:image:type\" content=\"image\/png\" \/>\n<meta name=\"twitter:card\" content=\"summary_large_image\" \/>\n<meta name=\"twitter:site\" content=\"@colegioarq\" \/>\n<meta name=\"twitter:label1\" content=\"Tiempo de lectura\" \/>\n\t<meta name=\"twitter:data1\" content=\"4 minutos\" \/>\n<script type=\"application\/ld+json\" class=\"yoast-schema-graph\">{\"@context\":\"https:\/\/schema.org\",\"@graph\":[{\"@type\":\"WebPage\",\"@id\":\"https:\/\/colegioarquitectos.com\/noticias\/?page_id=33520\",\"url\":\"https:\/\/colegioarquitectos.com\/noticias\/?page_id=33520\",\"name\":\"#Dossierdeobras - COLEGIO DE ARQUITECTOS DE CHILE\",\"isPartOf\":{\"@id\":\"https:\/\/colegioarquitectos.com\/noticias\/#website\"},\"primaryImageOfPage\":{\"@id\":\"https:\/\/colegioarquitectos.com\/noticias\/?page_id=33520#primaryimage\"},\"image\":{\"@id\":\"https:\/\/colegioarquitectos.com\/noticias\/?page_id=33520#primaryimage\"},\"thumbnailUrl\":\"https:\/\/colegioarquitectos.com\/noticias\/wp-content\/uploads\/2025\/04\/Proyecto-nuevo-4.png\",\"datePublished\":\"2025-04-21T17:24:42+00:00\",\"dateModified\":\"2025-07-03T13:50:44+00:00\",\"description\":\"Como una forma de profundizar la difusi\u00f3n de nuestra arquitectura y el trabajo de las y los arquitectos colegiados de Chile, hemos retomado semanalmente en nuestra cuenta de Instagram y p\u00e1gina web la secci\u00f3n\u00a0#Dossierdeobras, instancia que tuvo su origen en la\u00a0revista CA.\",\"breadcrumb\":{\"@id\":\"https:\/\/colegioarquitectos.com\/noticias\/?page_id=33520#breadcrumb\"},\"inLanguage\":\"es\",\"potentialAction\":[{\"@type\":\"ReadAction\",\"target\":[\"https:\/\/colegioarquitectos.com\/noticias\/?page_id=33520\"]}]},{\"@type\":\"ImageObject\",\"inLanguage\":\"es\",\"@id\":\"https:\/\/colegioarquitectos.com\/noticias\/?page_id=33520#primaryimage\",\"url\":\"https:\/\/colegioarquitectos.com\/noticias\/wp-content\/uploads\/2025\/04\/Proyecto-nuevo-4.png\",\"contentUrl\":\"https:\/\/colegioarquitectos.com\/noticias\/wp-content\/uploads\/2025\/04\/Proyecto-nuevo-4.png\",\"width\":1280,\"height\":720},{\"@type\":\"BreadcrumbList\",\"@id\":\"https:\/\/colegioarquitectos.com\/noticias\/?page_id=33520#breadcrumb\",\"itemListElement\":[{\"@type\":\"ListItem\",\"position\":1,\"name\":\"Portada\",\"item\":\"https:\/\/colegioarquitectos.com\/noticias\"},{\"@type\":\"ListItem\",\"position\":2,\"name\":\"#Dossierdeobras\"}]},{\"@type\":\"WebSite\",\"@id\":\"https:\/\/colegioarquitectos.com\/noticias\/#website\",\"url\":\"https:\/\/colegioarquitectos.com\/noticias\/\",\"name\":\"COLEGIO DE ARQUITECTOS DE CHILE\",\"description\":\"\",\"publisher\":{\"@id\":\"https:\/\/colegioarquitectos.com\/noticias\/#organization\"},\"potentialAction\":[{\"@type\":\"SearchAction\",\"target\":{\"@type\":\"EntryPoint\",\"urlTemplate\":\"https:\/\/colegioarquitectos.com\/noticias\/?s={search_term_string}\"},\"query-input\":{\"@type\":\"PropertyValueSpecification\",\"valueRequired\":true,\"valueName\":\"search_term_string\"}}],\"inLanguage\":\"es\"},{\"@type\":\"Organization\",\"@id\":\"https:\/\/colegioarquitectos.com\/noticias\/#organization\",\"name\":\"COLEGIO DE ARQUITECTOS DE CHILE\",\"url\":\"https:\/\/colegioarquitectos.com\/noticias\/\",\"logo\":{\"@type\":\"ImageObject\",\"inLanguage\":\"es\",\"@id\":\"https:\/\/colegioarquitectos.com\/noticias\/#\/schema\/logo\/image\/\",\"url\":\"https:\/\/colegioarquitectos.com\/noticias\/wp-content\/uploads\/2021\/05\/ENCABEZADO-LOGO-CA.jpg\",\"contentUrl\":\"https:\/\/colegioarquitectos.com\/noticias\/wp-content\/uploads\/2021\/05\/ENCABEZADO-LOGO-CA.jpg\",\"width\":690,\"height\":350,\"caption\":\"COLEGIO DE ARQUITECTOS DE CHILE\"},\"image\":{\"@id\":\"https:\/\/colegioarquitectos.com\/noticias\/#\/schema\/logo\/image\/\"},\"sameAs\":[\"https:\/\/facebook.com\/Colegioarq\/\",\"https:\/\/x.com\/colegioarq\",\"https:\/\/instagram.com\/colegioarq\",\"https:\/\/youtube.com\/@ColegiodeArquitectosdeChile\"]}]}<\/script>\n<!-- \/ Yoast SEO plugin. -->","yoast_head_json":{"title":"#Dossierdeobras - COLEGIO DE ARQUITECTOS DE CHILE","description":"Como una forma de profundizar la difusi\u00f3n de nuestra arquitectura y el trabajo de las y los arquitectos colegiados de Chile, hemos retomado semanalmente en nuestra cuenta de Instagram y p\u00e1gina web la secci\u00f3n\u00a0#Dossierdeobras, instancia que tuvo su origen en la\u00a0revista CA.","robots":{"index":"index","follow":"follow","max-snippet":"max-snippet:-1","max-image-preview":"max-image-preview:large","max-video-preview":"max-video-preview:-1"},"canonical":"https:\/\/colegioarquitectos.com\/noticias\/?page_id=33520","og_locale":"es_ES","og_type":"article","og_title":"#Dossierdeobras - COLEGIO DE ARQUITECTOS DE CHILE","og_description":"Como una forma de profundizar la difusi\u00f3n de nuestra arquitectura y el trabajo de las y los arquitectos colegiados de Chile, hemos retomado semanalmente en nuestra cuenta de Instagram y p\u00e1gina web la secci\u00f3n\u00a0#Dossierdeobras, instancia que tuvo su origen en la\u00a0revista CA.","og_url":"https:\/\/colegioarquitectos.com\/noticias\/?page_id=33520","og_site_name":"COLEGIO DE ARQUITECTOS DE CHILE","article_publisher":"https:\/\/facebook.com\/Colegioarq\/","article_modified_time":"2025-07-03T13:50:44+00:00","og_image":[{"width":1280,"height":720,"url":"https:\/\/colegioarquitectos.com\/noticias\/wp-content\/uploads\/2025\/04\/Proyecto-nuevo-4.png","type":"image\/png"}],"twitter_card":"summary_large_image","twitter_site":"@colegioarq","twitter_misc":{"Tiempo de lectura":"4 minutos"},"schema":{"@context":"https:\/\/schema.org","@graph":[{"@type":"WebPage","@id":"https:\/\/colegioarquitectos.com\/noticias\/?page_id=33520","url":"https:\/\/colegioarquitectos.com\/noticias\/?page_id=33520","name":"#Dossierdeobras - COLEGIO DE ARQUITECTOS DE CHILE","isPartOf":{"@id":"https:\/\/colegioarquitectos.com\/noticias\/#website"},"primaryImageOfPage":{"@id":"https:\/\/colegioarquitectos.com\/noticias\/?page_id=33520#primaryimage"},"image":{"@id":"https:\/\/colegioarquitectos.com\/noticias\/?page_id=33520#primaryimage"},"thumbnailUrl":"https:\/\/colegioarquitectos.com\/noticias\/wp-content\/uploads\/2025\/04\/Proyecto-nuevo-4.png","datePublished":"2025-04-21T17:24:42+00:00","dateModified":"2025-07-03T13:50:44+00:00","description":"Como una forma de profundizar la difusi\u00f3n de nuestra arquitectura y el trabajo de las y los arquitectos colegiados de Chile, hemos retomado semanalmente en nuestra cuenta de Instagram y p\u00e1gina web la secci\u00f3n\u00a0#Dossierdeobras, instancia que tuvo su origen en la\u00a0revista CA.","breadcrumb":{"@id":"https:\/\/colegioarquitectos.com\/noticias\/?page_id=33520#breadcrumb"},"inLanguage":"es","potentialAction":[{"@type":"ReadAction","target":["https:\/\/colegioarquitectos.com\/noticias\/?page_id=33520"]}]},{"@type":"ImageObject","inLanguage":"es","@id":"https:\/\/colegioarquitectos.com\/noticias\/?page_id=33520#primaryimage","url":"https:\/\/colegioarquitectos.com\/noticias\/wp-content\/uploads\/2025\/04\/Proyecto-nuevo-4.png","contentUrl":"https:\/\/colegioarquitectos.com\/noticias\/wp-content\/uploads\/2025\/04\/Proyecto-nuevo-4.png","width":1280,"height":720},{"@type":"BreadcrumbList","@id":"https:\/\/colegioarquitectos.com\/noticias\/?page_id=33520#breadcrumb","itemListElement":[{"@type":"ListItem","position":1,"name":"Portada","item":"https:\/\/colegioarquitectos.com\/noticias"},{"@type":"ListItem","position":2,"name":"#Dossierdeobras"}]},{"@type":"WebSite","@id":"https:\/\/colegioarquitectos.com\/noticias\/#website","url":"https:\/\/colegioarquitectos.com\/noticias\/","name":"COLEGIO DE ARQUITECTOS DE CHILE","description":"","publisher":{"@id":"https:\/\/colegioarquitectos.com\/noticias\/#organization"},"potentialAction":[{"@type":"SearchAction","target":{"@type":"EntryPoint","urlTemplate":"https:\/\/colegioarquitectos.com\/noticias\/?s={search_term_string}"},"query-input":{"@type":"PropertyValueSpecification","valueRequired":true,"valueName":"search_term_string"}}],"inLanguage":"es"},{"@type":"Organization","@id":"https:\/\/colegioarquitectos.com\/noticias\/#organization","name":"COLEGIO DE ARQUITECTOS DE CHILE","url":"https:\/\/colegioarquitectos.com\/noticias\/","logo":{"@type":"ImageObject","inLanguage":"es","@id":"https:\/\/colegioarquitectos.com\/noticias\/#\/schema\/logo\/image\/","url":"https:\/\/colegioarquitectos.com\/noticias\/wp-content\/uploads\/2021\/05\/ENCABEZADO-LOGO-CA.jpg","contentUrl":"https:\/\/colegioarquitectos.com\/noticias\/wp-content\/uploads\/2021\/05\/ENCABEZADO-LOGO-CA.jpg","width":690,"height":350,"caption":"COLEGIO DE ARQUITECTOS DE CHILE"},"image":{"@id":"https:\/\/colegioarquitectos.com\/noticias\/#\/schema\/logo\/image\/"},"sameAs":["https:\/\/facebook.com\/Colegioarq\/","https:\/\/x.com\/colegioarq","https:\/\/instagram.com\/colegioarq","https:\/\/youtube.com\/@ColegiodeArquitectosdeChile"]}]}},"_links":{"self":[{"href":"https:\/\/colegioarquitectos.com\/noticias\/index.php?rest_route=\/wp\/v2\/pages\/33520","targetHints":{"allow":["GET"]}}],"collection":[{"href":"https:\/\/colegioarquitectos.com\/noticias\/index.php?rest_route=\/wp\/v2\/pages"}],"about":[{"href":"https:\/\/colegioarquitectos.com\/noticias\/index.php?rest_route=\/wp\/v2\/types\/page"}],"author":[{"embeddable":true,"href":"https:\/\/colegioarquitectos.com\/noticias\/index.php?rest_route=\/wp\/v2\/users\/4"}],"replies":[{"embeddable":true,"href":"https:\/\/colegioarquitectos.com\/noticias\/index.php?rest_route=%2Fwp%2Fv2%2Fcomments&post=33520"}],"version-history":[{"count":11,"href":"https:\/\/colegioarquitectos.com\/noticias\/index.php?rest_route=\/wp\/v2\/pages\/33520\/revisions"}],"predecessor-version":[{"id":33992,"href":"https:\/\/colegioarquitectos.com\/noticias\/index.php?rest_route=\/wp\/v2\/pages\/33520\/revisions\/33992"}],"wp:attachment":[{"href":"https:\/\/colegioarquitectos.com\/noticias\/index.php?rest_route=%2Fwp%2Fv2%2Fmedia&parent=33520"}],"curies":[{"name":"wp","href":"https:\/\/api.w.org\/{rel}","templated":true}]}}